{"id":13040,"date":"2024-05-08T09:34:29","date_gmt":"2024-05-08T07:34:29","guid":{"rendered":"https:\/\/keszi.hu\/?page_id=13040"},"modified":"2025-12-15T15:09:11","modified_gmt":"2025-12-15T14:09:11","slug":"penztari-orak-2","status":"publish","type":"page","link":"https:\/\/keszi.hu\/index.php\/penztari-orak-2\/","title":{"rendered":"P\u00e9nzt\u00e1ri \u00f3r\u00e1k"},"content":{"rendered":"\t\t<div data-elementor-type=\"wp-page\" data-elementor-id=\"13040\" class=\"elementor elementor-13040\">\n\t\t\t\t\t\t<section class=\"elementor-section elementor-top-section elementor-element elementor-element-abd6d36 elementor-section-full_width elementor-section-height-default elementor-section-height-default\" data-id=\"abd6d36\" data-element_type=\"section\" data-e-type=\"section\">\n\t\t\t\t\t\t<div class=\"elementor-container elementor-column-gap-default\">\n\t\t\t\t\t<div class=\"elementor-column elementor-col-100 elementor-top-column elementor-element elementor-element-7f9c7ff\" data-id=\"7f9c7ff\" data-element_type=\"column\" data-e-type=\"column\">\n\t\t\t<div class=\"elementor-widget-wrap elementor-element-populated\">\n\t\t\t\t\t\t<div class=\"elementor-element elementor-element-9c9198f elementor-widget elementor-widget-heading\" data-id=\"9c9198f\" data-element_type=\"widget\" data-e-type=\"widget\" data-widget_type=\"heading.default\">\n\t\t\t\t<div class=\"elementor-widget-container\">\n\t\t\t\t\t<h2 class=\"elementor-heading-title elementor-size-default\">gazd\u00e1lkod\u00e1si csoport<\/h2>\t\t\t\t<\/div>\n\t\t\t\t<\/div>\n\t\t\t\t<div class=\"elementor-element elementor-element-d6bd164 elementor-widget elementor-widget-heading\" data-id=\"d6bd164\" data-element_type=\"widget\" data-e-type=\"widget\" data-widget_type=\"heading.default\">\n\t\t\t\t<div class=\"elementor-widget-container\">\n\t\t\t\t\t<h2 class=\"elementor-heading-title elementor-size-default\">Kist\u00e9rs\u00e9gi Egyes\u00edtett Szoci\u00e1lis  Int\u00e9zm\u00e9ny<\/h2>\t\t\t\t<\/div>\n\t\t\t\t<\/div>\n\t\t\t\t\t<\/div>\n\t\t<\/div>\n\t\t\t\t\t<\/div>\n\t\t<\/section>\n\t\t<div class=\"elementor-element elementor-element-f0f7022 e-flex e-con-boxed e-con e-parent\" data-id=\"f0f7022\" data-element_type=\"container\" data-e-type=\"container\">\n\t\t\t\t\t<div class=\"e-con-inner\">\n\t\t\t\t<div class=\"elementor-element elementor-element-e3649c6 elementor-widget elementor-widget-text-editor\" data-id=\"e3649c6\" data-element_type=\"widget\" data-e-type=\"widget\" data-widget_type=\"text-editor.default\">\n\t\t\t\t<div class=\"elementor-widget-container\">\n\t\t\t\t\t\t\t\t\t<p><strong><u>P\u00e9nzt\u00e1r:<\/u><\/strong> 9200 Mosonmagyar\u00f3v\u00e1r, Soproni u. 65. <b>Telefon<\/b>: 06-20\/943-4392<\/p><p><strong>P\u00e9nzt\u00e1r nyitvatart\u00e1si id\u0151:<\/strong><\/p><ul><li>H\u00e9tf\u0151\u00a0 \u00a0 \u00a0 \u00a0 \u00a0 \u00a0 \u00a0 \u00a0<strong> 8-12<\/strong>\u00a0 \u00a0\u00f3r\u00e1ig<\/li><li>Kedd\u00a0 \u00a0 \u00a0 \u00a0 \u00a0 \u00a0 \u00a0 \u00a0 <strong>12-15<\/strong>\u00a0 \u00f3r\u00e1ig<\/li><li>Szerda\u00a0 \u00a0 \u00a0 \u00a0 \u00a0 \u00a0 \u00a0<strong>8-12<\/strong>\u00a0 \u00a0 \u00f3r\u00e1ig<\/li><li>Cs\u00fct\u00f6rt\u00f6k\u00a0 \u00a0 \u00a0 \u00a0 <strong>12-15<\/strong>\u00a0 \u00f3r\u00e1ig<\/li><li>P\u00e9ntek\u00a0 \u00a0 \u00a0 \u00a0 \u00a0 \u00a0 \u00a0 <strong>8-12<\/strong>\u00a0 \u00a0\u00f3r\u00e1ig<\/li><\/ul>\t\t\t\t\t\t\t\t<\/div>\n\t\t\t\t<\/div>\n\t\t\t\t<div class=\"elementor-element elementor-element-db4c0c7 elementor-widget elementor-widget-image\" data-id=\"db4c0c7\" data-element_type=\"widget\" data-e-type=\"widget\" data-widget_type=\"image.default\">\n\t\t\t\t<div class=\"elementor-widget-container\">\n\t\t\t\t\t\t\t\t\t\t\t\t\t\t\t<img fetchpriority=\"high\" decoding=\"async\" width=\"1024\" height=\"724\" src=\"https:\/\/keszi.hu\/wp-content\/uploads\/2025\/12\/Unnepi-nyitvatartas-penztar-1024x724.jpg\" class=\"attachment-large size-large wp-image-15225\" alt=\"\" srcset=\"https:\/\/keszi.hu\/wp-content\/uploads\/2025\/12\/Unnepi-nyitvatartas-penztar-1024x724.jpg 1024w, https:\/\/keszi.hu\/wp-content\/uploads\/2025\/12\/Unnepi-nyitvatartas-penztar-300x212.jpg 300w, https:\/\/keszi.hu\/wp-content\/uploads\/2025\/12\/Unnepi-nyitvatartas-penztar-768x543.jpg 768w, https:\/\/keszi.hu\/wp-content\/uploads\/2025\/12\/Unnepi-nyitvatartas-penztar-1536x1086.jpg 1536w, https:\/\/keszi.hu\/wp-content\/uploads\/2025\/12\/Unnepi-nyitvatartas-penztar-2048x1448.jpg 2048w\" sizes=\"(max-width: 1024px) 100vw, 1024px\" \/>\t\t\t\t\t\t\t\t\t\t\t\t\t\t\t<\/div>\n\t\t\t\t<\/div>\n\t\t\t\t\t<\/div>\n\t\t\t\t<\/div>\n\t\t\t\t<\/div>\n\t\t","protected":false},"excerpt":{"rendered":"<p>gazd\u00e1lkod\u00e1si csoport Kist\u00e9rs\u00e9gi Egyes\u00edtett Szoci\u00e1lis Int\u00e9zm\u00e9ny P\u00e9nzt\u00e1r: 9200 Mosonmagyar\u00f3v\u00e1r, Soproni u. 65. Telefon: 06-20\/943-4392 P\u00e9nzt\u00e1r nyitvatart\u00e1si id\u0151: H\u00e9tf\u0151\u00a0 \u00a0 \u00a0 \u00a0 \u00a0 \u00a0 \u00a0 \u00a0 8-12\u00a0 \u00a0\u00f3r\u00e1ig Kedd\u00a0 \u00a0 \u00a0 \u00a0 \u00a0 \u00a0 \u00a0 \u00a0 12-15\u00a0 \u00f3r\u00e1ig Szerda\u00a0 \u00a0 \u00a0 \u00a0 \u00a0 \u00a0 \u00a08-12\u00a0 \u00a0 \u00f3r\u00e1ig Cs\u00fct\u00f6rt\u00f6k\u00a0 \u00a0 \u00a0 \u00a0 12-15\u00a0 \u00f3r\u00e1ig P\u00e9ntek\u00a0 \u00a0 \u00a0&#8230;<\/p>\n","protected":false},"author":1,"featured_media":0,"parent":0,"menu_order":0,"comment_status":"closed","ping_status":"closed","template":"","meta":{"_tbt_post_transparent":"","_tbt_post_title":"","_tbt_post_layout":"","_tbt_post_sidebar_id":"","_tbt_post_content_style":"","_tbt_post_vertical_padding":"","_tbt_post_feature":"","_tbt_post_feature_position":"","_tbt_post_header":false,"_tbt_post_footer":false},"class_list":["post-13040","page","type-page","status-publish","hentry"],"_links":{"self":[{"href":"https:\/\/keszi.hu\/index.php\/wp-json\/wp\/v2\/pages\/13040","targetHints":{"allow":["GET"]}}],"collection":[{"href":"https:\/\/keszi.hu\/index.php\/wp-json\/wp\/v2\/pages"}],"about":[{"href":"https:\/\/keszi.hu\/index.php\/wp-json\/wp\/v2\/types\/page"}],"author":[{"embeddable":true,"href":"https:\/\/keszi.hu\/index.php\/wp-json\/wp\/v2\/users\/1"}],"replies":[{"embeddable":true,"href":"https:\/\/keszi.hu\/index.php\/wp-json\/wp\/v2\/comments?post=13040"}],"version-history":[{"count":19,"href":"https:\/\/keszi.hu\/index.php\/wp-json\/wp\/v2\/pages\/13040\/revisions"}],"predecessor-version":[{"id":15229,"href":"https:\/\/keszi.hu\/index.php\/wp-json\/wp\/v2\/pages\/13040\/revisions\/15229"}],"wp:attachment":[{"href":"https:\/\/keszi.hu\/index.php\/wp-json\/wp\/v2\/media?parent=13040"}],"curies":[{"name":"wp","href":"https:\/\/api.w.org\/{rel}","templated":true}]}}