{"id":12601,"date":"2024-04-30T16:30:28","date_gmt":"2024-04-30T14:30:28","guid":{"rendered":"https:\/\/keszi.hu\/?page_id=12601"},"modified":"2025-04-09T10:53:21","modified_gmt":"2025-04-09T08:53:21","slug":"hajlektalanok-atmeneti-szalloja-2-2","status":"publish","type":"page","link":"https:\/\/keszi.hu\/index.php\/hajlektalanok-atmeneti-szalloja-2-2\/","title":{"rendered":"HAJL\u00c9KTALANOK \u00c1TMENETI SZ\u00c1LL\u00d3JA"},"content":{"rendered":"\t\t<div data-elementor-type=\"wp-page\" data-elementor-id=\"12601\" class=\"elementor elementor-12601\">\n\t\t\t\t\t\t<section class=\"elementor-section elementor-top-section elementor-element elementor-element-8a043ee elementor-section-full_width elementor-section-height-default elementor-section-height-default\" data-id=\"8a043ee\" data-element_type=\"section\" data-e-type=\"section\">\n\t\t\t\t\t\t<div class=\"elementor-container elementor-column-gap-default\">\n\t\t\t\t\t<div class=\"elementor-column elementor-col-100 elementor-top-column elementor-element elementor-element-e2b040d about_cms_block\" data-id=\"e2b040d\" data-element_type=\"column\" data-e-type=\"column\" data-settings=\"{&quot;background_background&quot;:&quot;classic&quot;}\">\n\t\t\t<div class=\"elementor-widget-wrap elementor-element-populated\">\n\t\t\t\t\t\t<div class=\"elementor-element elementor-element-5f7ccfc elementor-widget elementor-widget-heading\" data-id=\"5f7ccfc\" data-element_type=\"widget\" data-e-type=\"widget\" data-widget_type=\"heading.default\">\n\t\t\t\t<div class=\"elementor-widget-container\">\n\t\t\t\t\t<h2 class=\"elementor-heading-title elementor-size-default\">HAJL\u00c9KTALANOK \u00c1TMENETI SZ\u00c1LL\u00d3JA<\/h2>\t\t\t\t<\/div>\n\t\t\t\t<\/div>\n\t\t\t\t<div class=\"elementor-element elementor-element-dbba27a elementor-widget elementor-widget-text-editor\" data-id=\"dbba27a\" data-element_type=\"widget\" data-e-type=\"widget\" data-widget_type=\"text-editor.default\">\n\t\t\t\t<div class=\"elementor-widget-container\">\n\t\t\t\t\t\t\t\t\t<p><strong><em>\u201eSzemhuny\u00e1snyi id\u0151 alatt hajl\u00e9ktalans\u00e1gba lehet sodr\u00f3dni, \u00e9s (&#8230;) a lehetetlens\u00e9g hat\u00e1r\u00e1t s\u00farolja az onnan val\u00f3 visszat\u00e9r\u00e9s.\u201d <\/em><\/strong>(Lakner Zolt\u00e1n)<\/p>\t\t\t\t\t\t\t\t<\/div>\n\t\t\t\t<\/div>\n\t\t\t\t\t<\/div>\n\t\t<\/div>\n\t\t\t\t\t<\/div>\n\t\t<\/section>\n\t\t<div class=\"elementor-element elementor-element-b4314c0 e-flex e-con-boxed e-con e-parent\" data-id=\"b4314c0\" data-element_type=\"container\" data-e-type=\"container\">\n\t\t\t\t\t<div class=\"e-con-inner\">\n\t\t\t\t<div class=\"elementor-element elementor-element-935e8b1 elementor-widget elementor-widget-image\" data-id=\"935e8b1\" data-element_type=\"widget\" data-e-type=\"widget\" data-widget_type=\"image.default\">\n\t\t\t\t<div class=\"elementor-widget-container\">\n\t\t\t\t\t\t\t\t\t\t\t\t\t\t\t<img fetchpriority=\"high\" decoding=\"async\" width=\"945\" height=\"436\" src=\"https:\/\/keszi.hu\/wp-content\/uploads\/2024\/04\/kep_2024-04-30_163130494.png\" class=\"attachment-large size-large wp-image-12603\" alt=\"\" srcset=\"https:\/\/keszi.hu\/wp-content\/uploads\/2024\/04\/kep_2024-04-30_163130494.png 945w, https:\/\/keszi.hu\/wp-content\/uploads\/2024\/04\/kep_2024-04-30_163130494-300x138.png 300w, https:\/\/keszi.hu\/wp-content\/uploads\/2024\/04\/kep_2024-04-30_163130494-768x354.png 768w, https:\/\/keszi.hu\/wp-content\/uploads\/2024\/04\/kep_2024-04-30_163130494-600x277.png 600w\" sizes=\"(max-width: 945px) 100vw, 945px\" \/>\t\t\t\t\t\t\t\t\t\t\t\t\t\t\t<\/div>\n\t\t\t\t<\/div>\n\t\t\t\t<div class=\"elementor-element elementor-element-16afa45 elementor-widget elementor-widget-heading\" data-id=\"16afa45\" data-element_type=\"widget\" data-e-type=\"widget\" data-widget_type=\"heading.default\">\n\t\t\t\t<div class=\"elementor-widget-container\">\n\t\t\t\t\t<h3 class=\"elementor-heading-title elementor-size-default\">A szolg\u00e1ltat\u00e1s c\u00e9lja<\/h3>\t\t\t\t<\/div>\n\t\t\t\t<\/div>\n\t\t\t\t<div class=\"elementor-element elementor-element-b7e9d3f elementor-widget elementor-widget-text-editor\" data-id=\"b7e9d3f\" data-element_type=\"widget\" data-e-type=\"widget\" data-widget_type=\"text-editor.default\">\n\t\t\t\t<div class=\"elementor-widget-container\">\n\t\t\t\t\t\t\t\t\t<p style=\"margin-bottom: 10.0pt; line-height: 115%;\"><b>El\u00e9rhet\u0151s\u00e9gek:<\/b><\/p><p style=\"margin-bottom: 10.0pt; line-height: 115%;\"><b>C\u00edm: 9200 Mosonmagyar\u00f3v\u00e1r Bar\u00e1ts\u00e1g u. 20.<br \/><span style=\"color: var( --e-global-color-text ); font-family: var( --e-global-typography-text-font-family ), Sans-serif; text-align: var(--text-align); background-color: transparent;\">Tel: +36 20 8513103<br \/><\/span><span style=\"color: var( --e-global-color-text ); font-family: var( --e-global-typography-text-font-family ), Sans-serif; text-align: var(--text-align); background-color: transparent;\">Email: hajlektalanellatas@szocmkt.hu<\/span><\/b><span style=\"color: var( --e-global-color-text ); font-family: var( --e-global-typography-text-font-family ), Sans-serif; font-weight: var( --e-global-typography-text-font-weight ); text-align: var(--text-align); background-color: transparent;\"><br \/><\/span><\/p><p style=\"margin-bottom: 10.0pt; line-height: 115%;\">\u00a0<\/p><p style=\"margin-bottom: 10.0pt; line-height: 115%;\"><span style=\"color: var( --e-global-color-text ); font-family: var( --e-global-typography-text-font-family ), Sans-serif; font-weight: var( --e-global-typography-text-font-weight ); text-align: var(--text-align); background-color: transparent;\">A hajl\u00e9ktalan szem\u00e9lyek \u00e1tmeneti sz\u00e1ll\u00e1sa azoknak a tizennyolcadik \u00e9let\u00e9v\u00fcket bet\u00f6lt\u00f6tt hajl\u00e9ktalan szem\u00e9lyeknek az elhelyez\u00e9s\u00e9t biztos\u00edtja, akik az \u00e9letvitelszer\u0171 sz\u00e1ll\u00e1shaszn\u00e1lat \u00e9s a szoci\u00e1lis munka seg\u00edts\u00e9g\u00e9vel k\u00e9pesek az \u00f6nell\u00e1t\u00e1sra.<\/span><\/p><p>Tov\u00e1bb\u00e1, akik szem\u00e9lyes \u00e9s szoci\u00e1lis k\u00f6r\u00fclm\u00e9nyek miatt lak\u00e1ssal, sz\u00e1ll\u00e1ssal nem rendelkeznek, lakhat\u00e1sukat megoldani nem k\u00e9pesek, \u00e9s a h\u00e1zirend el\u0151\u00edr\u00e1sait marad\u00e9ktalanul betartj\u00e1k.<\/p><p>A hajl\u00e9ktalan ell\u00e1t\u00e1s megszervez\u00e9se sor\u00e1n figyelemmel kell lenni az ell\u00e1t\u00e1st ig\u00e9nybe vev\u0151k alapvet\u0151 jogaira, emberi m\u00e9lt\u00f3s\u00e1g\u00e1ra. Az int\u00e9zm\u00e9nyi szolg\u00e1ltat\u00e1s ig\u00e9nybev\u00e9tele nem f\u00fcgg olyan inform\u00e1ci\u00f3kt\u00f3l, mely kor\u00e1bbi \u00e9letvitel\u00e9vel, el\u0151\u00e9let\u00e9vel kapcsolatos. A szolg\u00e1ltat\u00e1s t\u00e9r\u00edt\u00e9si d\u00edj k\u00f6teles, m\u00e9rt\u00e9ke az ell\u00e1tott j\u00f6vedelm\u00e9t\u0151l f\u00fcgg.<\/p><p><strong><u>A szolg\u00e1ltat\u00e1s ig\u00e9nybev\u00e9tel\u00e9nek felt\u00e9tel:<\/u><\/strong><\/p><p>a h\u00e1zirend elfogad\u00e1sa \u00e9s betart\u00e1sa,<br \/>t\u00e9r\u00edt\u00e9si d\u00edj fizet\u00e9se,<br \/>egy\u00fcttm\u0171k\u00f6d\u00e9s a szoci\u00e1lis munkat\u00e1rssal.<\/p><p><strong>A szolg\u00e1ltat\u00e1s feladata:<\/strong><\/p><p>A szakmai program megval\u00f3s\u00edt\u00e1s\u00e1nak els\u0151dleges feladata a re-szocializ\u00e1ci\u00f3hoz sz\u00fcks\u00e9ges k\u00e9szs\u00e9gek \u00e9s k\u00e9pess\u00e9gek kialak\u00edt\u00e1sa az \u00f6n\u00e1ll\u00f3 \u00e9letvezet\u00e9sre val\u00f3 felk\u00e9sz\u00fcl\u00e9s biztos\u00edt\u00e1sa<\/p><p>M\u00e1sik alapvet\u0151 feladat, hogy az ell\u00e1tottak eg\u00e9szs\u00e9gi \u00e9s ment\u00e1lis \u00e1llapotuknak megfelel\u0151 int\u00e9zm\u00e9nyi elhelyez\u00e9st nyerjenek m\u00e1s int\u00e9zm\u00e9nyekben, amennyiben \u00e1llapotukban tart\u00f3s roml\u00e1s k\u00f6vetkezne be. Az egy\u00e9ni \u00e9s csoportos esetkezel\u00e9sek, kultur\u00e1lis \u00e9s szabadid\u0151s programok seg\u00edtik a k\u00f6z\u00f6ss\u00e9gbe val\u00f3 beilleszked\u00e9st, alkalmazkod\u00e1st, az egy\u00e9n szocializ\u00e1ci\u00f3s fejl\u0151d\u00e9s\u00e9t.<\/p>\t\t\t\t\t\t\t\t<\/div>\n\t\t\t\t<\/div>\n\t\t\t\t<div class=\"elementor-element elementor-element-5678e3b elementor-widget elementor-widget-gallery\" data-id=\"5678e3b\" data-element_type=\"widget\" data-e-type=\"widget\" data-widget_type=\"gallery.default\">\n\t\t\t\t<div class=\"elementor-widget-container\">\n\t\t\t\t\t \t\t\t\t<\/div>\n\t\t\t\t<\/div>\n\t\t\t\t<div class=\"elementor-element elementor-element-2e6f099 elementor-widget elementor-widget-text-editor\" data-id=\"2e6f099\" data-element_type=\"widget\" data-e-type=\"widget\" data-widget_type=\"text-editor.default\">\n\t\t\t\t<div class=\"elementor-widget-container\">\n\t\t\t\t\t\t\t\t\tA Hajl\u00e9ktalan ell\u00e1t\u00e1sokat 9200 Mosonmagyar\u00f3v\u00e1r, Bar\u00e1ts\u00e1g u. 20. telephelyen lehet ig\u00e9nybe venni.\n\nA szolg\u00e1ltat\u00e1sok ig\u00e9nybev\u00e9tel\u00e9nek felt\u00e9telei:\n<ul>\n \t<li>hajl\u00e9ktalan st\u00e1tusz<\/li>\n \t<li>az ell\u00e1t\u00e1st ig\u00e9nyl\u0151 \u00e9s a szoci\u00e1lis munkat\u00e1rs egy\u00fcttm\u0171k\u00f6d\u00e9se<\/li>\n \t<li>a H\u00e1zirend elfogad\u00e1sa \u00e9s betart\u00e1sa<\/li>\n \t<li>a t\u00e9r\u00edt\u00e9si d\u00edj k\u00f6teles szolg\u00e1ltat\u00e1sok eset\u00e9ben a t\u00e9r\u00edt\u00e9si d\u00edj hat\u00e1rid\u0151re t\u00f6rt\u00e9n\u0151 megfizet\u00e9se<\/li>\n \t<li>orvosi igazol\u00e1s eg\u00e9szs\u00e9gi \u00e1llapotr\u00f3l \u00e1tmeneti ell\u00e1t\u00e1s ig\u00e9nybev\u00e9tele eset\u00e9n<\/li>\n<\/ul>\n<strong>\u00a0<\/strong>A szoci\u00e1lis ell\u00e1t\u00e1sok ig\u00e9nybev\u00e9tele \u00f6nk\u00e9ntes, az ell\u00e1t\u00e1st ig\u00e9nyl\u0151, illetve t\u00f6rv\u00e9nyes k\u00e9pvisel\u0151je sz\u00f3beli vagy \u00edr\u00e1sbeli k\u00e9relm\u00e9re, ind\u00edtv\u00e1ny\u00e1ra t\u00f6rt\u00e9nik.\n\nA k\u00e9relem adatlapot az ell\u00e1t\u00e1st ig\u00e9nyl\u0151 szem\u00e9lynek kell al\u00e1\u00edrnia,\u00a0(illetve t\u00f6rv\u00e9nyes k\u00e9pvisel\u0151j\u00e9nek, amennyiben ell\u00e1t\u00e1st ig\u00e9nyl\u0151 cselekv\u0151k\u00e9pess\u00e9get teljesen korl\u00e1toz\u00f3 gondnoks\u00e1g alatt \u00e1ll, vagy r\u00e9szlegesen korl\u00e1toz\u00f3 gondnoks\u00e1g eset\u00e9n, amennyiben ebben az \u00fcgycsoportban korl\u00e1tozva van). A gondnoks\u00e1got igazol\u00f3 gy\u00e1mhat\u00f3s\u00e1gi hat\u00e1rozatot a k\u00e9relemhez be kell csatolni.\n\nMell\u00e9kelni kell az adott \u00e9vre \u00e9rv\u00e9nyes j\u00f6vedelmet igazol\u00f3 dokumentum m\u00e1solat\u00e1t.\n\n<span style=\"color: var( --e-global-color-text ); font-family: var( --e-global-typography-text-font-family ), Sans-serif; font-weight: var( --e-global-typography-text-font-weight ); text-align: var(--text-align); background-color: transparent;\">Hajl\u00e9ktalanok \u00c1tmeneti Sz\u00e1ll\u00e1sa \u2013 k\u00e9relem adatlap let\u00f6lthet\u0151 &#8212; itt<\/span>\n\nFizetend\u0151 szem\u00e9lyi t\u00e9r\u00edt\u00e9si d\u00edjak, j\u00f6vedelem alapj\u00e1n\n\n<strong><em>\u00a0Hajl\u00e9ktalanok \u00c1tmeneti Sz\u00e1ll\u00e1sa \u2013 Lakhat\u00e1s \u00e9s esetvitel eset\u00e9n <\/em><\/strong>\n\nA szem\u00e9lyi t\u00e9r\u00edt\u00e9si d\u00edj meg\u00e1llap\u00edt\u00e1sa az Sztv. 117. \u00a7 (1) bekezd\u00e9s<em> c)<\/em> pontja figyelembev\u00e9tel\u00e9vel t\u00f6rt\u00e9nik (a szem\u00e9lyi t\u00e9r\u00edt\u00e9si d\u00edj nem haladhatja meg a j\u00f6vedelem 60%-\u00e1t).\n<table>\n<tbody>\n<tr>\n<td width=\"321\">\u00a0<strong>j\u00f6vedelmi kateg\u00f3ria<\/strong><\/td>\n<td width=\"321\">\u00a0<strong>fizetend\u0151 t\u00e9r\u00edt\u00e9si d\u00edj\/nap Lakhat\u00e1s \u00e9s esetvitel <\/strong><\/td>\n<\/tr>\n<tr>\n<td width=\"321\">\u00a00 Ft<\/td>\n<td width=\"321\">\u00a0<strong>0 Ft <\/strong><\/td>\n<\/tr>\n<tr>\n<td width=\"321\">\u00a01 Ft \u2013 29.999 Ft<\/td>\n<td width=\"321\">\u00a0<strong>300 Ft <\/strong><\/td>\n<\/tr>\n<tr>\n<td width=\"321\">\u00a030.000 Ft \u2013 49.999 Ft<\/td>\n<td width=\"321\">\u00a0<strong>450 Ft <\/strong><\/td>\n<\/tr>\n<tr>\n<td width=\"321\">\u00a050.000 Ft \u2013 69.999 Ft<\/td>\n<td width=\"321\">\u00a0<strong>650 Ft <\/strong><\/td>\n<\/tr>\n<tr>\n<td width=\"321\">\u00a070.000 Ft \u2013 89.999 Ft<\/td>\n<td width=\"321\">\u00a0<strong>950 Ft <\/strong><\/td>\n<\/tr>\n<tr>\n<td width=\"321\">\u00a090.000 Ft \u2013 119.999 Ft<\/td>\n<td width=\"321\">\u00a0<strong>1.300 Ft <\/strong><\/td>\n<\/tr>\n<tr>\n<td width=\"321\">\u00a0120.000 Ft \u2013 149.999 Ft<\/td>\n<td width=\"321\">\u00a0<strong>1.600 Ft <\/strong><\/td>\n<\/tr>\n<tr>\n<td width=\"321\">\u00a0150.000 Ft \u2013 179.999 Ft<\/td>\n<td width=\"321\">\u00a0<strong>2.000 Ft <\/strong><\/td>\n<\/tr>\n<tr>\n<td width=\"321\">\u00a0180.000 Ft \u2013 felett<\/td>\n<td width=\"321\">\u00a0<strong>2.600 Ft <\/strong><\/td>\n<\/tr>\n<\/tbody>\n<\/table>\n<strong><em>\u00a0Hajl\u00e9ktalanok \u00c1tmeneti Sz\u00e1ll\u00e1sa \u2013 Csak lakhat\u00e1si szolg\u00e1ltat\u00e1s eset\u00e9n <\/em><\/strong>\n<table>\n<tbody>\n<tr>\n<td width=\"321\">\u00a0<strong>j\u00f6vedelmi kateg\u00f3ria<\/strong><\/td>\n<td width=\"321\">\u00a0<strong>fizetend\u0151 t\u00e9r\u00edt\u00e9si d\u00edj\/nap csak lakhat\u00e1s eset\u00e9n <\/strong><\/td>\n<\/tr>\n<tr>\n<td width=\"321\">\u00a00 Ft<\/td>\n<td width=\"321\">\u00a0<strong>0 Ft <\/strong><\/td>\n<\/tr>\n<tr>\n<td width=\"321\">\u00a01 Ft \u2013 29.999 Ft<\/td>\n<td width=\"321\">\u00a0<strong>150 Ft <\/strong><\/td>\n<\/tr>\n<tr>\n<td width=\"321\">\u00a030.000 Ft \u2013 49.999 Ft<\/td>\n<td width=\"321\">\u00a0<strong>200 Ft <\/strong><\/td>\n<\/tr>\n<tr>\n<td width=\"321\">\u00a050.000 Ft \u2013 69.999 Ft<\/td>\n<td width=\"321\">\u00a0<strong>300 Ft <\/strong><\/td>\n<\/tr>\n<tr>\n<td width=\"321\">\u00a070.000 Ft \u2013 89.999 Ft<\/td>\n<td width=\"321\">\u00a0<strong>400 Ft <\/strong><\/td>\n<\/tr>\n<tr>\n<td width=\"321\">\u00a090.000 Ft \u2013 119.999 Ft<\/td>\n<td width=\"321\">\u00a0<strong>500 Ft <\/strong><\/td>\n<\/tr>\n<tr>\n<td width=\"321\">\u00a0120.000 Ft \u2013 149.999 Ft<\/td>\n<td width=\"321\">\u00a0<strong>600 Ft <\/strong><\/td>\n<\/tr><tr>\n<td width=\"321\">\u00a0150.000 Ft \u2013 179.999 Ft<\/td>\n<td width=\"321\">\u00a0<strong>700 Ft <\/strong><\/td>\n<\/tr>\n<tr>\n<td width=\"321\">\u00a0180.000 Ft \u2013 felett<\/td>\n<td width=\"321\">\u00a0<strong>800 Ft <\/strong><\/td>\n<\/tr>\n<\/tbody>\n<\/table>\n<strong>\u00a0<\/strong>\t\t\t\t\t\t\t\t<\/div>\n\t\t\t\t<\/div>\n\t\t\t\t\t<\/div>\n\t\t\t\t<\/div>\n\t\t\t\t<\/div>\n\t\t","protected":false},"excerpt":{"rendered":"<p>HAJL\u00c9KTALANOK \u00c1TMENETI SZ\u00c1LL\u00d3JA \u201eSzemhuny\u00e1snyi id\u0151 alatt hajl\u00e9ktalans\u00e1gba lehet sodr\u00f3dni, \u00e9s (&#8230;) a lehetetlens\u00e9g hat\u00e1r\u00e1t s\u00farolja az onnan val\u00f3 visszat\u00e9r\u00e9s.\u201d (Lakner Zolt\u00e1n) A szolg\u00e1ltat\u00e1s c\u00e9lja El\u00e9rhet\u0151s\u00e9gek: C\u00edm: 9200 Mosonmagyar\u00f3v\u00e1r Bar\u00e1ts\u00e1g u. 20.Tel: +36 20 8513103Email: hajlektalanellatas@szocmkt.hu \u00a0 A hajl\u00e9ktalan szem\u00e9lyek \u00e1tmeneti sz\u00e1ll\u00e1sa azoknak a tizennyolcadik \u00e9let\u00e9v\u00fcket bet\u00f6lt\u00f6tt hajl\u00e9ktalan szem\u00e9lyeknek az elhelyez\u00e9s\u00e9t biztos\u00edtja, akik az \u00e9letvitelszer\u0171 sz\u00e1ll\u00e1shaszn\u00e1lat&#8230;<\/p>\n","protected":false},"author":1,"featured_media":0,"parent":0,"menu_order":0,"comment_status":"closed","ping_status":"closed","template":"","meta":{"_tbt_post_transparent":"","_tbt_post_title":"","_tbt_post_layout":"","_tbt_post_sidebar_id":"","_tbt_post_content_style":"","_tbt_post_vertical_padding":"","_tbt_post_feature":"","_tbt_post_feature_position":"","_tbt_post_header":false,"_tbt_post_footer":false},"class_list":["post-12601","page","type-page","status-publish","hentry"],"_links":{"self":[{"href":"https:\/\/keszi.hu\/index.php\/wp-json\/wp\/v2\/pages\/12601","targetHints":{"allow":["GET"]}}],"collection":[{"href":"https:\/\/keszi.hu\/index.php\/wp-json\/wp\/v2\/pages"}],"about":[{"href":"https:\/\/keszi.hu\/index.php\/wp-json\/wp\/v2\/types\/page"}],"author":[{"embeddable":true,"href":"https:\/\/keszi.hu\/index.php\/wp-json\/wp\/v2\/users\/1"}],"replies":[{"embeddable":true,"href":"https:\/\/keszi.hu\/index.php\/wp-json\/wp\/v2\/comments?post=12601"}],"version-history":[{"count":29,"href":"https:\/\/keszi.hu\/index.php\/wp-json\/wp\/v2\/pages\/12601\/revisions"}],"predecessor-version":[{"id":15025,"href":"https:\/\/keszi.hu\/index.php\/wp-json\/wp\/v2\/pages\/12601\/revisions\/15025"}],"wp:attachment":[{"href":"https:\/\/keszi.hu\/index.php\/wp-json\/wp\/v2\/media?parent=12601"}],"curies":[{"name":"wp","href":"https:\/\/api.w.org\/{rel}","templated":true}]}}