{"id":12380,"date":"2024-04-30T10:22:52","date_gmt":"2024-04-30T08:22:52","guid":{"rendered":"https:\/\/keszi.hu\/?page_id=12380"},"modified":"2024-05-08T16:53:47","modified_gmt":"2024-05-08T14:53:47","slug":"naposhaz-fogyatekossaggal-elok-nappali-intezmenye","status":"publish","type":"page","link":"https:\/\/keszi.hu\/index.php\/naposhaz-fogyatekossaggal-elok-nappali-intezmenye\/","title":{"rendered":"Naposh\u00e1z &#8211; Fogyat\u00e9koss\u00e1ggal \u00c9l\u0151k Nappali Int\u00e9zm\u00e9nye"},"content":{"rendered":"\t\t<div data-elementor-type=\"wp-page\" data-elementor-id=\"12380\" class=\"elementor elementor-12380\">\n\t\t\t\t\t\t<section class=\"elementor-section elementor-top-section elementor-element elementor-element-f21c524 elementor-section-boxed elementor-section-height-default elementor-section-height-default\" data-id=\"f21c524\" data-element_type=\"section\" data-e-type=\"section\">\n\t\t\t\t\t\t<div class=\"elementor-container elementor-column-gap-default\">\n\t\t\t\t\t<div class=\"elementor-column elementor-col-33 elementor-top-column elementor-element elementor-element-81eadb7\" data-id=\"81eadb7\" data-element_type=\"column\" data-e-type=\"column\">\n\t\t\t<div class=\"elementor-widget-wrap elementor-element-populated\">\n\t\t\t\t\t\t<div class=\"elementor-element elementor-element-6e2011a elementor-widget elementor-widget-image\" data-id=\"6e2011a\" data-element_type=\"widget\" data-e-type=\"widget\" data-widget_type=\"image.default\">\n\t\t\t\t<div class=\"elementor-widget-container\">\n\t\t\t\t\t\t\t\t\t\t\t\t\t\t\t\t<a href=\"http:\/\/keszi.hu\/wp-content\/uploads\/2024\/05\/Naposhaz-Fogyatekossaggal-Elok-Nappali-Intezmenye.jpg\" data-elementor-open-lightbox=\"yes\" data-elementor-lightbox-title=\"Naposh\u00e1z - Fogyat\u00e9koss\u00e1ggal \u00c9l\u0151k Nappali Int\u00e9zm\u00e9nye\" data-e-action-hash=\"#elementor-action%3Aaction%3Dlightbox%26settings%3DeyJpZCI6MTMzMzQsInVybCI6Imh0dHBzOlwvXC9rZXN6aS5odVwvd3AtY29udGVudFwvdXBsb2Fkc1wvMjAyNFwvMDVcL05hcG9zaGF6LUZvZ3lhdGVrb3NzYWdnYWwtRWxvay1OYXBwYWxpLUludGV6bWVueWUuanBnIn0%3D\">\n\t\t\t\t\t\t\t<img fetchpriority=\"high\" decoding=\"async\" width=\"1113\" height=\"742\" src=\"https:\/\/keszi.hu\/wp-content\/uploads\/2024\/05\/Naposhaz-Fogyatekossaggal-Elok-Nappali-Intezmenye.jpg\" class=\"attachment-full size-full wp-image-13334\" alt=\"\" srcset=\"https:\/\/keszi.hu\/wp-content\/uploads\/2024\/05\/Naposhaz-Fogyatekossaggal-Elok-Nappali-Intezmenye.jpg 1113w, https:\/\/keszi.hu\/wp-content\/uploads\/2024\/05\/Naposhaz-Fogyatekossaggal-Elok-Nappali-Intezmenye-300x200.jpg 300w, https:\/\/keszi.hu\/wp-content\/uploads\/2024\/05\/Naposhaz-Fogyatekossaggal-Elok-Nappali-Intezmenye-1024x683.jpg 1024w, https:\/\/keszi.hu\/wp-content\/uploads\/2024\/05\/Naposhaz-Fogyatekossaggal-Elok-Nappali-Intezmenye-768x512.jpg 768w, https:\/\/keszi.hu\/wp-content\/uploads\/2024\/05\/Naposhaz-Fogyatekossaggal-Elok-Nappali-Intezmenye-600x400.jpg 600w\" sizes=\"(max-width: 1113px) 100vw, 1113px\" \/>\t\t\t\t\t\t\t\t<\/a>\n\t\t\t\t\t\t\t\t\t\t\t\t\t\t\t<\/div>\n\t\t\t\t<\/div>\n\t\t\t\t\t<\/div>\n\t\t<\/div>\n\t\t\t\t<div class=\"elementor-column elementor-col-66 elementor-top-column elementor-element elementor-element-377789e about_cms_block\" data-id=\"377789e\" data-element_type=\"column\" data-e-type=\"column\" data-settings=\"{&quot;background_background&quot;:&quot;classic&quot;}\">\n\t\t\t<div class=\"elementor-widget-wrap elementor-element-populated\">\n\t\t\t\t\t\t<div class=\"elementor-element elementor-element-adc7182 elementor-widget__width-initial elementor-widget elementor-widget-heading\" data-id=\"adc7182\" data-element_type=\"widget\" data-e-type=\"widget\" data-widget_type=\"heading.default\">\n\t\t\t\t<div class=\"elementor-widget-container\">\n\t\t\t\t\t<h2 class=\"elementor-heading-title elementor-size-default\">Naposh\u00e1z \u2013 Fogyat\u00e9koss\u00e1ggal \u00c9l\u0151k Nappali Int\u00e9zm\u00e9nye<\/h2>\t\t\t\t<\/div>\n\t\t\t\t<\/div>\n\t\t\t\t<div class=\"elementor-element elementor-element-84fa8b1 elementor-widget__width-initial elementor-widget elementor-widget-text-editor\" data-id=\"84fa8b1\" data-element_type=\"widget\" data-e-type=\"widget\" data-widget_type=\"text-editor.default\">\n\t\t\t\t<div class=\"elementor-widget-container\">\n\t\t\t\t\t\t\t\t\t<p><strong>9200 Mosonmagyar\u00f3v\u00e1r, Lengy\u00e1ri u. 2.<\/strong><\/p><p><strong>szakmai vezet\u0151: Borsos Eszter<\/strong><\/p><p><strong>el\u00e9rhet\u0151s\u00e9gek : 06\/20\/531-96-60; 06\/96\/206-220\u00a0<\/strong><a href=\"mailto:naposhaz@szocmkt.hu\"><strong>naposhaz@szocmkt.hu<\/strong><\/a><strong>\u00a0\u00a0<\/strong><\/p>\t\t\t\t\t\t\t\t<\/div>\n\t\t\t\t<\/div>\n\t\t\t\t\t<\/div>\n\t\t<\/div>\n\t\t\t\t\t<\/div>\n\t\t<\/section>\n\t\t\t\t<\/div>\n\t\t","protected":false},"excerpt":{"rendered":"<p>Naposh\u00e1z \u2013 Fogyat\u00e9koss\u00e1ggal \u00c9l\u0151k Nappali Int\u00e9zm\u00e9nye 9200 Mosonmagyar\u00f3v\u00e1r, Lengy\u00e1ri u. 2. szakmai vezet\u0151: Borsos Eszter el\u00e9rhet\u0151s\u00e9gek : 06\/20\/531-96-60; 06\/96\/206-220\u00a0naposhaz@szocmkt.hu\u00a0\u00a0<\/p>\n","protected":false},"author":1,"featured_media":0,"parent":0,"menu_order":0,"comment_status":"closed","ping_status":"closed","template":"","meta":{"_tbt_post_transparent":"","_tbt_post_title":"","_tbt_post_layout":"","_tbt_post_sidebar_id":"","_tbt_post_content_style":"","_tbt_post_vertical_padding":"","_tbt_post_feature":"","_tbt_post_feature_position":"","_tbt_post_header":false,"_tbt_post_footer":false},"class_list":["post-12380","page","type-page","status-publish","hentry"],"_links":{"self":[{"href":"https:\/\/keszi.hu\/index.php\/wp-json\/wp\/v2\/pages\/12380","targetHints":{"allow":["GET"]}}],"collection":[{"href":"https:\/\/keszi.hu\/index.php\/wp-json\/wp\/v2\/pages"}],"about":[{"href":"https:\/\/keszi.hu\/index.php\/wp-json\/wp\/v2\/types\/page"}],"author":[{"embeddable":true,"href":"https:\/\/keszi.hu\/index.php\/wp-json\/wp\/v2\/users\/1"}],"replies":[{"embeddable":true,"href":"https:\/\/keszi.hu\/index.php\/wp-json\/wp\/v2\/comments?post=12380"}],"version-history":[{"count":7,"href":"https:\/\/keszi.hu\/index.php\/wp-json\/wp\/v2\/pages\/12380\/revisions"}],"predecessor-version":[{"id":13337,"href":"https:\/\/keszi.hu\/index.php\/wp-json\/wp\/v2\/pages\/12380\/revisions\/13337"}],"wp:attachment":[{"href":"https:\/\/keszi.hu\/index.php\/wp-json\/wp\/v2\/media?parent=12380"}],"curies":[{"name":"wp","href":"https:\/\/api.w.org\/{rel}","templated":true}]}}