{"id":12123,"date":"2024-04-09T15:46:41","date_gmt":"2024-04-09T13:46:41","guid":{"rendered":"https:\/\/keszi.hu\/?page_id=12123"},"modified":"2024-05-15T14:21:53","modified_gmt":"2024-05-15T12:21:53","slug":"idosek-otthonai","status":"publish","type":"page","link":"https:\/\/keszi.hu\/index.php\/idosek-otthonai\/","title":{"rendered":"ID\u0150SEK OTTHONAI"},"content":{"rendered":"\t\t<div data-elementor-type=\"wp-page\" data-elementor-id=\"12123\" class=\"elementor elementor-12123\">\n\t\t\t\t\t\t<section class=\"elementor-section elementor-top-section elementor-element elementor-element-ad3f89d elementor-section-stretched service elementor-section-boxed elementor-section-height-default elementor-section-height-default\" data-id=\"ad3f89d\" data-element_type=\"section\" data-e-type=\"section\" data-settings=\"{&quot;stretch_section&quot;:&quot;section-stretched&quot;}\">\n\t\t\t\t\t\t<div class=\"elementor-container elementor-column-gap-default\">\n\t\t\t\t\t<div class=\"elementor-column elementor-col-33 elementor-top-column elementor-element elementor-element-012fec7 cms-service\" data-id=\"012fec7\" data-element_type=\"column\" data-e-type=\"column\" data-settings=\"{&quot;background_background&quot;:&quot;gradient&quot;}\">\n\t\t\t<div class=\"elementor-widget-wrap elementor-element-populated\">\n\t\t\t\t\t\t<div class=\"elementor-element elementor-element-38926b2 elementor-widget__width-initial elementor-view-default elementor-position-block-start elementor-mobile-position-block-start elementor-widget elementor-widget-icon-box\" data-id=\"38926b2\" data-element_type=\"widget\" data-e-type=\"widget\" data-widget_type=\"icon-box.default\">\n\t\t\t\t<div class=\"elementor-widget-container\">\n\t\t\t\t\t\t\t<div class=\"elementor-icon-box-wrapper\">\n\n\t\t\t\t\t\t<div class=\"elementor-icon-box-icon\">\n\t\t\t\t<a href=\"https:\/\/keszi.hu\/index.php\/aranykor-idosek-otthona\/\" class=\"elementor-icon\" tabindex=\"-1\" aria-label=\"ARANYKOR ID\u0150SEK OTTHONA\">\n\t\t\t\t<svg xmlns=\"http:\/\/www.w3.org\/2000\/svg\" xmlns:xlink=\"http:\/\/www.w3.org\/1999\/xlink\" width=\"96\" height=\"96\"><defs><clipPath id=\"clip0\"><rect x=\"0\" y=\"0\" width=\"96\" height=\"96\"><\/rect><\/clipPath><\/defs><g clip-path=\"url(#clip0)\"><path d=\"M69 47C68.6305 46.9836 68.2605 47.0172 67.9 47.1 67.6036 45.8316 66.7082 44.7869 65.5 44.3L57 40.9 51.5 28.2C50.3308 25.0708 47.3405 22.9975 44 23 42.3167 23.007 40.6761 23.5306 39.3 24.5L25.79 33.6C24.9776 34.194 24.3808 35.0365 24.09 36L21.09 49C20.5919 51.1523 21.9329 53.3008 24.0851 53.7989 24.0868 53.7993 24.0884 53.7996 24.09 53.8 24.3825 53.8825 24.6865 53.9163 24.99 53.9 26.8457 53.8795 28.4513 52.6032 28.89 50.8L31.49 39.4 34 37.7C33.79 39.18 33.61 40.59 33.47 41.9L24.76 68 31.91 68 31.91 68.3 28 86C27.5019 88.1523 28.8429 90.3008 30.9951 90.7989 30.9968 90.7992 30.9984 90.7996 31 90.8 31.2925 90.8825 31.5965 90.9163 31.9 90.9 33.7557 90.8795 35.3613 89.6032 35.8 87.8L39.8 69.8C39.8 69.6 39.9 69.4 39.9 69.2L40 68 44.4 68 45.4 85.3C45.5169 87.4228 47.274 89.0832 49.4 89.08L49.62 89.08C51.8257 88.9565 53.5136 87.0683 53.3901 84.8627 53.3901 84.8618 53.39 84.8609 53.39 84.86L52.42 68 55.76 68 46.76 41.1C46.76 41.1 46.86 38.4 46.86 38.3L50.06 45.6C50.468 46.5764 51.2656 47.3378 52.26 47.7L62.16 51.7C61.874 52.4322 61.738 53.2143 61.76 54 61.7559 56.1027 62.7137 58.0919 64.36 59.4L64.46 59.5C64.8144 59.8252 65.279 60.0039 65.76 60 66.8646 60 67.76 59.1046 67.76 58 67.7919 57.3634 67.4885 56.7564 66.96 56.4 66.3672 55.7381 66.0272 54.8881 66 54 66 52.3431 67.3431 51 69 51 70.6569 51 72 52.3431 72 54L72 89C72 90.1046 72.8954 91 74 91 75.1046 91 76 90.1046 76 89L76 54C76 50.134 72.866 47 69 47Z\" stroke=\"#000000\" stroke-width=\"1.33333\" fill=\"#FFFFFF\"><\/path><path d=\"M57.5 14C57.5 18.4183 53.9183 22 49.5 22 45.0817 22 41.5 18.4183 41.5 14 41.5 9.58172 45.0817 6 49.5 6 53.9183 6 57.5 9.58172 57.5 14Z\" stroke=\"#000000\" stroke-width=\"1.33333\" fill=\"#FFFFFF\"><\/path><\/g><\/svg>\t\t\t\t<\/a>\n\t\t\t<\/div>\n\t\t\t\n\t\t\t\t\t\t<div class=\"elementor-icon-box-content\">\n\n\t\t\t\t\t\t\t\t\t<h2 class=\"elementor-icon-box-title\">\n\t\t\t\t\t\t<a href=\"https:\/\/keszi.hu\/index.php\/aranykor-idosek-otthona\/\" >\n\t\t\t\t\t\t\tARANYKOR ID\u0150SEK OTTHONA\t\t\t\t\t\t<\/a>\n\t\t\t\t\t<\/h2>\n\t\t\t\t\n\t\t\t\t\n\t\t\t<\/div>\n\t\t\t\n\t\t<\/div>\n\t\t\t\t\t\t<\/div>\n\t\t\t\t<\/div>\n\t\t\t\t\t<\/div>\n\t\t<\/div>\n\t\t\t\t<div class=\"elementor-column elementor-col-33 elementor-top-column elementor-element elementor-element-1898104 cms-service\" data-id=\"1898104\" data-element_type=\"column\" data-e-type=\"column\" data-settings=\"{&quot;background_background&quot;:&quot;gradient&quot;}\">\n\t\t\t<div class=\"elementor-widget-wrap elementor-element-populated\">\n\t\t\t\t\t\t<div class=\"elementor-element elementor-element-39f5a03 elementor-widget__width-initial elementor-view-default elementor-position-block-start elementor-mobile-position-block-start elementor-widget elementor-widget-icon-box\" data-id=\"39f5a03\" data-element_type=\"widget\" data-e-type=\"widget\" data-widget_type=\"icon-box.default\">\n\t\t\t\t<div class=\"elementor-widget-container\">\n\t\t\t\t\t\t\t<div class=\"elementor-icon-box-wrapper\">\n\n\t\t\t\t\t\t<div class=\"elementor-icon-box-icon\">\n\t\t\t\t<a href=\"https:\/\/keszi.hu\/index.php\/viragoskert-idosek-otthona-2\/\" class=\"elementor-icon\" tabindex=\"-1\" aria-label=\"VIR\u00c1GOS KERT ID\u0150SEK OTTHONA\">\n\t\t\t\t<svg xmlns=\"http:\/\/www.w3.org\/2000\/svg\" xmlns:xlink=\"http:\/\/www.w3.org\/1999\/xlink\" width=\"96\" height=\"96\"><defs><clipPath id=\"clip0\"><rect x=\"0\" y=\"0\" width=\"96\" height=\"96\"><\/rect><\/clipPath><\/defs><g clip-path=\"url(#clip0)\"><path d=\"M63 31.28 45 14.14 45 14.14 9 48.39 12.89 51.71 45 21.21 45 21.21 61.71 37.09C62.0145 35.1276 62.4454 33.1869 63 31.28Z\" stroke=\"#000000\" stroke-width=\"1.33333\" fill=\"#FFFFFF\"><\/path><path d=\"M79 75 79 54.81C85 53.73 89.5 47.91 89.5 39.62 89.5 30.42 80 11.4 77 11.4 74 11.4 64.5 30.4 64.5 39.62 64.5 47.91 69.05 53.73 75 54.81L75 75 71 75 71 56.66C65.7 54.17 62 48.4 61.56 41.2L45 26 19 49.87 19 75 13 75 13 73.51 14.69 73.51C15.389 73.5038 15.9869 73.0062 16.12 72.32L16.12 72.32C16.4065 71.0554 17.0283 69.8913 17.92 68.95 18.0447 68.8327 18.0506 68.6365 17.9333 68.5118 17.8506 68.424 17.7245 68.392 17.61 68.43 15.8628 68.8376 14.2654 69.7281 13 71L13 68.2C17.46 67.46 15 61.65 15 61.65 14.9159 61.5009 14.7268 61.4482 14.5777 61.5323 14.5285 61.5601 14.4878 61.6008 14.46 61.65L13.39 63.47 12.32 61.65C12.2609 61.5516 12.1548 61.491 12.04 61.49 11.9288 61.4944 11.8273 61.5545 11.77 61.65L10.7 63.47 9.59 61.65C9.49963 61.4981 9.30325 61.4483 9.15137 61.5386 9.10555 61.5659 9.06726 61.6042 9.04 61.65 9.04 61.65 6.55 67.45 11.04 68.2L11.04 70.94C9.77087 69.6939 8.18264 68.8219 6.45 68.42 6.28749 68.3661 6.11207 68.4542 6.0582 68.6167 6.02025 68.7312 6.05216 68.8573 6.14 68.94 7.03499 69.879 7.65727 71.044 7.94 72.31L7.94 72.31C8.07311 72.9962 8.67103 73.4938 9.37 73.5L11 73.5 11 75 3 75 3 81 92 81 92 75ZM35 64 25 64 25 54 35 54ZM50 75 40 75 40 54 50 54ZM65 64 55 64 55 54 65 54Z\" stroke=\"#000000\" stroke-width=\"1.33333\" fill=\"#FFFFFF\"><\/path><\/g><\/svg>\t\t\t\t<\/a>\n\t\t\t<\/div>\n\t\t\t\n\t\t\t\t\t\t<div class=\"elementor-icon-box-content\">\n\n\t\t\t\t\t\t\t\t\t<h2 class=\"elementor-icon-box-title\">\n\t\t\t\t\t\t<a href=\"https:\/\/keszi.hu\/index.php\/viragoskert-idosek-otthona-2\/\" >\n\t\t\t\t\t\t\tVIR\u00c1GOS KERT ID\u0150SEK OTTHONA\t\t\t\t\t\t<\/a>\n\t\t\t\t\t<\/h2>\n\t\t\t\t\n\t\t\t\t\n\t\t\t<\/div>\n\t\t\t\n\t\t<\/div>\n\t\t\t\t\t\t<\/div>\n\t\t\t\t<\/div>\n\t\t\t\t\t<\/div>\n\t\t<\/div>\n\t\t\t\t<div class=\"elementor-column elementor-col-33 elementor-top-column elementor-element elementor-element-bb3b604 cms-service\" data-id=\"bb3b604\" data-element_type=\"column\" data-e-type=\"column\" data-settings=\"{&quot;background_background&quot;:&quot;gradient&quot;}\">\n\t\t\t<div class=\"elementor-widget-wrap elementor-element-populated\">\n\t\t\t\t\t\t<div class=\"elementor-element elementor-element-1b5945a elementor-widget__width-initial elementor-view-default elementor-position-block-start elementor-mobile-position-block-start elementor-widget elementor-widget-icon-box\" data-id=\"1b5945a\" data-element_type=\"widget\" data-e-type=\"widget\" data-widget_type=\"icon-box.default\">\n\t\t\t\t<div class=\"elementor-widget-container\">\n\t\t\t\t\t\t\t<div class=\"elementor-icon-box-wrapper\">\n\n\t\t\t\t\t\t<div class=\"elementor-icon-box-icon\">\n\t\t\t\t<a href=\"https:\/\/keszi.hu\/index.php\/szakapolas-a-bentlakasos-idosek-otthonaban\/\" class=\"elementor-icon\" tabindex=\"-1\" aria-label=\"SZAK\u00c1POL\u00c1S A BENTLAK\u00c1SOS ID\u0150SEK OTTHON\u00c1BAN\">\n\t\t\t\t<svg xmlns=\"http:\/\/www.w3.org\/2000\/svg\" xmlns:xlink=\"http:\/\/www.w3.org\/1999\/xlink\" width=\"96\" height=\"96\"><defs><clipPath id=\"clip0\"><rect x=\"0\" y=\"0\" width=\"96\" height=\"96\"><\/rect><\/clipPath><\/defs><g clip-path=\"url(#clip0)\"><path d=\"M64 30C64 38.8366 56.8366 46 48 46 39.1634 46 32 38.8366 32 30 32 21.1634 39.1634 14 48 14 56.8366 14 64 21.1634 64 30Z\" stroke=\"#000000\" stroke-width=\"1.33333\" fill=\"#FFFFFF\"><\/path><path d=\"M59.22 59.75C59.2255 61.0147 60.2553 62.0355 61.52 62.03 62.7847 62.0245 63.8055 60.9947 63.8 59.73 63.7945 58.4692 62.7708 57.45 61.51 57.45 60.2508 57.4444 59.2255 58.4607 59.2199 59.7199 59.2199 59.7299 59.2199 59.74 59.22 59.75ZM61.51 58.46C62.2224 58.4545 62.8044 59.0275 62.81 59.74 62.8155 60.4524 62.2424 61.0344 61.53 61.0399 60.8176 61.0454 60.2356 60.4724 60.23 59.76 60.23 59.7566 60.23 59.7533 60.23 59.75 60.2245 59.0431 60.7931 58.4656 61.5 58.46 61.5033 58.46 61.5067 58.46 61.51 58.46Z\" stroke=\"#000000\" stroke-width=\"1.33333\" fill=\"#FFFFFF\"><\/path><path d=\"M76.8 59.6C72.5301 56.3115 67.6738 53.8647 62.49 52.39L62.49 56.27C64.0396 56.7189 65.107 58.1367 65.11 59.75 65.11 61.7382 63.4982 63.35 61.51 63.35 59.5218 63.35 57.91 61.7382 57.91 59.75 57.913 58.1367 58.9804 56.7189 60.53 56.27L60.53 51.81C56.4583 50.6249 52.2407 50.0157 48 50 43.624 50.0732 39.2766 50.7221 35.07 51.93L35.07 57.12C38.6166 57.6362 41.2477 60.676 41.25 64.26 41.2452 64.7452 40.9822 65.191 40.56 65.43L40.56 73.87C40.5357 74.8823 39.7826 75.7284 38.78 75.87 38.6517 76.3113 38.2392 76.6083 37.78 76.59L37.44 76.59C36.6806 76.6548 36.0125 76.0918 35.9476 75.3324 35.8828 74.573 36.4459 73.9048 37.2053 73.84 37.2834 73.8333 37.3619 73.8333 37.44 73.84L37.78 73.84C38.2125 73.8079 38.6164 74.0583 38.78 74.46 39.0293 74.355 39.191 74.1105 39.19 73.84L39.19 65.43C38.7583 65.2007 38.4918 64.7487 38.5 64.26 38.5 61.7968 36.5032 59.8 34.04 59.8 31.5768 59.8 29.58 61.7968 29.58 64.26 29.5711 64.744 29.3093 65.188 28.89 65.43L28.89 73.87C28.889 74.1405 29.0507 74.385 29.3 74.49 29.4927 74.114 29.8775 73.8754 30.3 73.87L30.64 73.87C31.3994 73.9348 31.9625 74.603 31.8976 75.3624 31.8405 76.0318 31.3095 76.5629 30.64 76.62L30.3 76.62C29.8408 76.6383 29.4283 76.3413 29.3 75.9 28.2974 75.7584 27.5443 74.9123 27.52 73.9L27.52 65.43C27.0883 65.2007 26.8218 64.7487 26.83 64.26 26.8316 60.6793 29.4574 57.6407 33 57.12L33 52.56C28.071 54.1859 23.4153 56.5458 19.19 59.56 17.21 61.1158 16.0379 63.4821 16 66L16 82 80 82 80 66C79.9478 63.4946 78.773 61.1451 76.8 59.6Z\" stroke=\"#000000\" stroke-width=\"1.33333\" fill=\"#FFFFFF\"><\/path><\/g><\/svg>\t\t\t\t<\/a>\n\t\t\t<\/div>\n\t\t\t\n\t\t\t\t\t\t<div class=\"elementor-icon-box-content\">\n\n\t\t\t\t\t\t\t\t\t<h2 class=\"elementor-icon-box-title\">\n\t\t\t\t\t\t<a href=\"https:\/\/keszi.hu\/index.php\/szakapolas-a-bentlakasos-idosek-otthonaban\/\" >\n\t\t\t\t\t\t\tSZAK\u00c1POL\u00c1S A BENTLAK\u00c1SOS ID\u0150SEK OTTHON\u00c1BAN\t\t\t\t\t\t<\/a>\n\t\t\t\t\t<\/h2>\n\t\t\t\t\n\t\t\t\t\n\t\t\t<\/div>\n\t\t\t\n\t\t<\/div>\n\t\t\t\t\t\t<\/div>\n\t\t\t\t<\/div>\n\t\t\t\t\t<\/div>\n\t\t<\/div>\n\t\t\t\t\t<\/div>\n\t\t<\/section>\n\t\t\t\t<\/div>\n\t\t","protected":false},"excerpt":{"rendered":"<p>ARANYKOR ID\u0150SEK OTTHONA VIR\u00c1GOS KERT ID\u0150SEK OTTHONA SZAK\u00c1POL\u00c1S A BENTLAK\u00c1SOS ID\u0150SEK OTTHON\u00c1BAN<\/p>\n","protected":false},"author":1,"featured_media":0,"parent":0,"menu_order":0,"comment_status":"closed","ping_status":"closed","template":"","meta":{"_tbt_post_transparent":"","_tbt_post_title":"","_tbt_post_layout":"","_tbt_post_sidebar_id":"","_tbt_post_content_style":"","_tbt_post_vertical_padding":"","_tbt_post_feature":"","_tbt_post_feature_position":"","_tbt_post_header":false,"_tbt_post_footer":false},"class_list":["post-12123","page","type-page","status-publish","hentry"],"_links":{"self":[{"href":"https:\/\/keszi.hu\/index.php\/wp-json\/wp\/v2\/pages\/12123","targetHints":{"allow":["GET"]}}],"collection":[{"href":"https:\/\/keszi.hu\/index.php\/wp-json\/wp\/v2\/pages"}],"about":[{"href":"https:\/\/keszi.hu\/index.php\/wp-json\/wp\/v2\/types\/page"}],"author":[{"embeddable":true,"href":"https:\/\/keszi.hu\/index.php\/wp-json\/wp\/v2\/users\/1"}],"replies":[{"embeddable":true,"href":"https:\/\/keszi.hu\/index.php\/wp-json\/wp\/v2\/comments?post=12123"}],"version-history":[{"count":31,"href":"https:\/\/keszi.hu\/index.php\/wp-json\/wp\/v2\/pages\/12123\/revisions"}],"predecessor-version":[{"id":14410,"href":"https:\/\/keszi.hu\/index.php\/wp-json\/wp\/v2\/pages\/12123\/revisions\/14410"}],"wp:attachment":[{"href":"https:\/\/keszi.hu\/index.php\/wp-json\/wp\/v2\/media?parent=12123"}],"curies":[{"name":"wp","href":"https:\/\/api.w.org\/{rel}","templated":true}]}}