{"id":11864,"date":"2024-03-20T11:26:25","date_gmt":"2024-03-20T10:26:25","guid":{"rendered":"https:\/\/keszi.hu\/?page_id=11864"},"modified":"2024-05-15T11:25:56","modified_gmt":"2024-05-15T09:25:56","slug":"etkeztetes","status":"publish","type":"page","link":"https:\/\/keszi.hu\/index.php\/etkeztetes\/","title":{"rendered":"\u00c9TKEZTET\u00c9S"},"content":{"rendered":"\t\t<div data-elementor-type=\"wp-page\" data-elementor-id=\"11864\" class=\"elementor elementor-11864\">\n\t\t\t\t\t\t<section class=\"elementor-section elementor-top-section elementor-element elementor-element-8a043ee elementor-section-full_width elementor-section-height-default elementor-section-height-default\" data-id=\"8a043ee\" data-element_type=\"section\" data-e-type=\"section\">\n\t\t\t\t\t\t<div class=\"elementor-container elementor-column-gap-default\">\n\t\t\t\t\t<div class=\"elementor-column elementor-col-100 elementor-top-column elementor-element elementor-element-e2b040d about_cms_block\" data-id=\"e2b040d\" data-element_type=\"column\" data-e-type=\"column\" data-settings=\"{&quot;background_background&quot;:&quot;classic&quot;}\">\n\t\t\t<div class=\"elementor-widget-wrap elementor-element-populated\">\n\t\t\t\t\t\t<div class=\"elementor-element elementor-element-5f7ccfc elementor-widget elementor-widget-heading\" data-id=\"5f7ccfc\" data-element_type=\"widget\" data-e-type=\"widget\" data-widget_type=\"heading.default\">\n\t\t\t\t<div class=\"elementor-widget-container\">\n\t\t\t\t\t<h1 class=\"elementor-heading-title elementor-size-default\">\u00c9tkeztet\u00e9s<\/h1>\t\t\t\t<\/div>\n\t\t\t\t<\/div>\n\t\t\t\t<div class=\"elementor-element elementor-element-e6b1408 elementor-widget elementor-widget-text-editor\" data-id=\"e6b1408\" data-element_type=\"widget\" data-e-type=\"widget\" data-widget_type=\"text-editor.default\">\n\t\t\t\t<div class=\"elementor-widget-container\">\n\t\t\t\t\t\t\t\t\t<p><strong><em>Ki veheti ig\u00e9nybe?<\/em><\/strong><\/p><ul><li><em>Az \u00e9tkeztet\u00e9s keret\u00e9ben azoknak a <strong><u>szoci\u00e1lisan r\u00e1szorultaknak ny\u00fajtunk<\/u><\/strong> legal\u00e1bb napi egyszeri meleg \u00e9tkez\u00e9st, akik azt \u00f6nmaguk, illetve eltartottjaik r\u00e9sz\u00e9re tart\u00f3san vagy \u00e1tmeneti jelleggel nem k\u00e9pesek biztos\u00edtani, k\u00fcl\u00f6n\u00f6sen <strong>koruk<\/strong>, <strong>eg\u00e9szs\u00e9gi \u00e1llapotuk<\/strong>, <strong>fogyat\u00e9koss\u00e1guk<\/strong>, <strong>pszichi\u00e1triai betegs\u00e9g\u00fck<\/strong>, <strong>szenved\u00e9lybetegs\u00e9g\u00fck,<\/strong> vagy <strong>hajl\u00e9ktalans\u00e1guk miatt<\/strong>. <\/em><em>Ha az \u00e9tkez\u00e9sben r\u00e9szes\u00fcl\u0151 szem\u00e9ly eg\u00e9szs\u00e9gi \u00e1llapota indokolja, a <strong>szakorvos javaslat\u00e1ra<\/strong> \u2013 a n\u00e9pkonyha kiv\u00e9tel\u00e9vel \u2013 az ell\u00e1t\u00e1st ig\u00e9nybe vev\u0151 r\u00e9sz\u00e9re <strong>di\u00e9t\u00e1s \u00e9tkeztet\u00e9st biztos\u00edtunk<\/strong>.<\/em><\/li><\/ul><p><strong><em>Milyen irat igazolja a szoci\u00e1lis r\u00e1szorults\u00e1got?<\/em><\/strong><\/p><ul><li><em>az \u00e9letkor igazol\u00e1s\u00e1ra a szem\u00e9lyazonos\u00edt\u00e1sra alkalmas okm\u00e1ny;<\/em><\/li><li><em>az eg\u00e9szs\u00e9gi \u00e1llapoton, illetve a betegs\u00e9gen alapul\u00f3 szoci\u00e1lis r\u00e1szorults\u00e1g eset\u00e9ben a k\u00fcl\u00f6n jogszab\u00e1ly szerinti, k\u00e9t \u00e9vn\u00e9l nem r\u00e9gebbi orvosi igazol\u00e1s;<\/em><\/li><li><em>a s\u00falyos fogyat\u00e9koss\u00e1g igazol\u00e1s\u00e1ra fogyat\u00e9koss\u00e1gi t\u00e1mogat\u00e1sban, vakok szem\u00e9lyi j\u00e1rad\u00e9k\u00e1ban, illetve magasabb \u00f6sszeg\u0171 csal\u00e1di p\u00f3tl\u00e9kban r\u00e9szes\u00fcl\u0151 szem\u00e9ly jogosults\u00e1g\u00e1t meg\u00e1llap\u00edt\u00f3 irat;<\/em><\/li><li><em>pszichi\u00e1triai betegs\u00e9g, illetve szenved\u00e9lybetegs\u00e9g igazol\u00e1s\u00e1ra pszichi\u00e1ter vagy neurol\u00f3gus szakorvosi szakv\u00e9lem\u00e9ny; <\/em><\/li><li><em>a hajl\u00e9ktalans\u00e1g igazol\u00e1s\u00e1ra a lakc\u00edmk\u00e1rtya m\u00e1solata;<\/em><\/li><\/ul><p><strong><em>Hogyan lehet az \u00e9tkez\u00e9st ig\u00e9nyelni?<\/em><\/strong><\/p><ul><li><em>az ell\u00e1t\u00e1st ig\u00e9nyl\u0151, illetve t\u00f6rv\u00e9nyes k\u00e9pvisel\u0151je sz\u00f3beli vagy \u00edr\u00e1sbeli k\u00e9relm\u00e9re, ind\u00edtv\u00e1ny\u00e1ra t\u00f6rt\u00e9nik, teh\u00e1t <u>nyomtatv\u00e1nyt kell kit\u00f6lteni;<\/u><\/em><\/li><li><em>a k\u00e9relemhez <u>mell\u00e9kelni kell<\/u> a szoci\u00e1lis r\u00e1szorults\u00e1got, illetve a di\u00e9t\u00e1s \u00e9tkez\u00e9s sz\u00fcks\u00e9gess\u00e9g\u00e9t igazol\u00f3 iratokat, illetve azok m\u00e1solat\u00e1t;<\/em><\/li><li><em><u>a k\u00e9relem r\u00e9sze\u00a0 egy \u201eJ\u00f6vedelemnyilatkozat\u201d elnevez\u00e9s\u0171 irat<\/u>, melyhez mell\u00e9kelni kell a j\u00f6vedelmet igazol\u00f3 iratot. A szolg\u00e1ltat\u00e1s t\u00e9r\u00edt\u00e9si d\u00edj k\u00f6teles. <\/em><\/li><\/ul><p><strong><em>Hogyan jutok hozz\u00e1 k\u00e9relem nyomtatv\u00e1nyhoz?<\/em><\/strong><\/p><ul><li><em>az int\u00e9zm\u00e9ny honlapj\u00e1r\u00f3l let\u00f6lthet\u0151;<\/em><\/li><li><em>az Alapszolg\u00e1ltat\u00e1si Centrum irod\u00e1j\u00e1ban (9200 Mosonmagyar\u00f3v\u00e1r, Zichy Mih\u00e1ly u. 5.) szem\u00e9lyesen is \u00e1tvehet\u0151;<\/em><\/li><li><em>telep\u00fcl\u00e9sen a csal\u00e1dseg\u00edt\u0151, \u00f6nkorm\u00e1nyzat munkat\u00e1rsain\u00e1l is lehet k\u00e9rni nyomtatv\u00e1nyt.<\/em><\/li><\/ul><p><em>\u00a0<\/em><strong><em>Hol lehet a k\u00e9relmet (mell\u00e9kletekkel egy\u00fctt) beny\u00fajtani?<\/em><\/strong><\/p><ul><li><em>szem\u00e9lyesen, \u00fcgyf\u00e9lfogad\u00e1si id\u0151ben az Alapszolg\u00e1ltat\u00e1si Centrum k\u00f6zponti irod\u00e1j\u00e1ban (9200 Mosonmagyar\u00f3v\u00e1r, Zichy Mh\u00e1ly u. 5.);<\/em><\/li><li><em>postai \u00faton t\u00f6rt\u00e9n\u0151 tov\u00e1bb\u00edt\u00e1ssal;<\/em><\/li><\/ul><p><strong><em>\u00a0<\/em><\/strong><strong><em>Mi t\u00f6rt\u00e9nik a k\u00e9relem beny\u00fajt\u00e1sa ut\u00e1n?<\/em><\/strong><\/p><ul><li><em>nyilv\u00e1ntart\u00e1sba vessz\u00fck a k\u00e9relem nyomtatv\u00e1ny, a szakmai vezet\u0151 d\u00f6nt\u00e9se ut\u00e1n<\/em><\/li><li><em>meg\u00e1llapod\u00e1s megk\u00f6t\u00e9s\u00e9re ker\u00fcl sor;<\/em><\/li><li><em>a k\u00e9relem esetleges elutas\u00edt\u00e1sa indokol\u00e1ssal \u00edr\u00e1sban t\u00f6rt\u00e9nik;<\/em><\/li><\/ul><p><strong><em>Meddig vehetem ig\u00e9nybe az \u00e9tkeztet\u00e9st?<\/em><\/strong><\/p><ul><li><em>ameddig a jogosults\u00e1g felt\u00e9telei fenn\u00e1lnak;<\/em><\/li><li><em>ameddig az \u00e9tkez\u00e9s t\u00e9r\u00edt\u00e9si d\u00edja rendszeresen megfizet\u00e9sre ker\u00fcl;<\/em><\/li><\/ul><p><strong><em>\u00a0<\/em><\/strong><strong><em>Hogyan jutok hozz\u00e1 az \u00e9telhez?<\/em><\/strong><\/p><p><em>Az \u00e9tkeztet\u00e9s szolg\u00e1ltat\u00e1si form\u00e1i a szoci\u00e1lis konyha. Az \u00e9tkeztet\u00e9s a lakoss\u00e1g sz\u00fcks\u00e9gleteinek megfelel\u0151en ker\u00fclt megszervez\u00e9sre. \u00cdgy lehet\u0151s\u00e9g van az \u00e9tel:\u00a0 <\/em><\/p><ul><li><em>kiszolg\u00e1l\u00e1s\u00e1val egyidej\u0171 helyben fogyaszt\u00e1ssal;<\/em><\/li><li><em>elvitel\u00e9nek lehet\u0151v\u00e9 t\u00e9tel\u00e9vel;<\/em><\/li><li><em>lak\u00e1sra sz\u00e1ll\u00edt\u00e1s\u00e1val;<\/em><\/li><\/ul><p><strong>\u00a0<\/strong>\u00c9tkeztet\u00e9s-Mosonszentmikl\u00f3s kiv\u00e9tel\u00e9vel valamennyi t\u00e1rsult telep\u00fcl\u00e9sen tudjuk biztos\u00edtani<\/p><p><strong><u>F\u0151z\u0151konyh\u00e1k:<\/u><\/strong><\/p><p><strong>Futura Szolg\u00e1ltat\u00f3 K\u00f6zpont<\/strong> \u2013 Mosonmagyar\u00f3v\u00e1r ter\u00fclet\u00e9n<\/p><p><strong>Egyetem \u00c9tterem \u00e9s Konyha Kft<\/strong>. &#8211; J\u00e1nossomorja, V\u00e1rbalog, Lev\u00e9l Mosonszolnok, \u00dajr\u00f3naf\u0151 Hegyeshalom Dunasziget, Rajka, Mosonudvar, Bezenye,\u00a0 L\u00e9b\u00e9ny, Mecs\u00e9r, Dunakiliti, Feketeerd\u0151, Dunasziget, Hal\u00e1szi<\/p><p><strong>Tonom\u00e1r G\u00e1bor EV. Tonic Men\u00fc<\/strong> &#8211; \u00c1sv\u00e1nyr\u00e1r\u00f3, Kimle, K\u00e1rolyh\u00e1za, H\u00e9derv\u00e1r, Darn\u00f3zseli, M\u00e1riak\u00e1lnok, Hal\u00e1szi, Kisbodak, P\u00fcski, Dunaremete, Lip\u00f3t,<\/p>\t\t\t\t\t\t\t\t<\/div>\n\t\t\t\t<\/div>\n\t\t\t\t<div class=\"elementor-element elementor-element-fa4b925 elementor-button-warning elementor-align-center elementor-widget elementor-widget-button\" data-id=\"fa4b925\" data-element_type=\"widget\" data-e-type=\"widget\" data-widget_type=\"button.default\">\n\t\t\t\t<div class=\"elementor-widget-container\">\n\t\t\t\t\t\t\t\t\t<div class=\"elementor-button-wrapper\">\n\t\t\t\t\t<a class=\"elementor-button elementor-button-link elementor-size-sm\" href=\"https:\/\/keszi.hu\/index.php\/etkeztetes-igenybevetel\/\" target=\"_blank\">\n\t\t\t\t\t\t<span class=\"elementor-button-content-wrapper\">\n\t\t\t\t\t\t\t\t\t<span class=\"elementor-button-text\">Tov\u00e1bb az ig\u00e9nyl\u00e9shez<\/span>\n\t\t\t\t\t<\/span>\n\t\t\t\t\t<\/a>\n\t\t\t\t<\/div>\n\t\t\t\t\t\t\t\t<\/div>\n\t\t\t\t<\/div>\n\t\t\t\t\t<\/div>\n\t\t<\/div>\n\t\t\t\t\t<\/div>\n\t\t<\/section>\n\t\t\t\t<\/div>\n\t\t","protected":false},"excerpt":{"rendered":"<p>\u00c9tkeztet\u00e9s Ki veheti ig\u00e9nybe? Az \u00e9tkeztet\u00e9s keret\u00e9ben azoknak a szoci\u00e1lisan r\u00e1szorultaknak ny\u00fajtunk legal\u00e1bb napi egyszeri meleg \u00e9tkez\u00e9st, akik azt \u00f6nmaguk, illetve eltartottjaik r\u00e9sz\u00e9re tart\u00f3san vagy \u00e1tmeneti jelleggel nem k\u00e9pesek biztos\u00edtani, k\u00fcl\u00f6n\u00f6sen koruk, eg\u00e9szs\u00e9gi \u00e1llapotuk, fogyat\u00e9koss\u00e1guk, pszichi\u00e1triai betegs\u00e9g\u00fck, szenved\u00e9lybetegs\u00e9g\u00fck, vagy hajl\u00e9ktalans\u00e1guk miatt. Ha az \u00e9tkez\u00e9sben r\u00e9szes\u00fcl\u0151 szem\u00e9ly eg\u00e9szs\u00e9gi \u00e1llapota indokolja, a szakorvos javaslat\u00e1ra \u2013 a n\u00e9pkonyha&#8230;<\/p>\n","protected":false},"author":1,"featured_media":0,"parent":0,"menu_order":0,"comment_status":"closed","ping_status":"closed","template":"","meta":{"_tbt_post_transparent":"","_tbt_post_title":"","_tbt_post_layout":"","_tbt_post_sidebar_id":"","_tbt_post_content_style":"","_tbt_post_vertical_padding":"","_tbt_post_feature":"","_tbt_post_feature_position":"","_tbt_post_header":false,"_tbt_post_footer":false},"class_list":["post-11864","page","type-page","status-publish","hentry"],"_links":{"self":[{"href":"https:\/\/keszi.hu\/index.php\/wp-json\/wp\/v2\/pages\/11864","targetHints":{"allow":["GET"]}}],"collection":[{"href":"https:\/\/keszi.hu\/index.php\/wp-json\/wp\/v2\/pages"}],"about":[{"href":"https:\/\/keszi.hu\/index.php\/wp-json\/wp\/v2\/types\/page"}],"author":[{"embeddable":true,"href":"https:\/\/keszi.hu\/index.php\/wp-json\/wp\/v2\/users\/1"}],"replies":[{"embeddable":true,"href":"https:\/\/keszi.hu\/index.php\/wp-json\/wp\/v2\/comments?post=11864"}],"version-history":[{"count":41,"href":"https:\/\/keszi.hu\/index.php\/wp-json\/wp\/v2\/pages\/11864\/revisions"}],"predecessor-version":[{"id":14358,"href":"https:\/\/keszi.hu\/index.php\/wp-json\/wp\/v2\/pages\/11864\/revisions\/14358"}],"wp:attachment":[{"href":"https:\/\/keszi.hu\/index.php\/wp-json\/wp\/v2\/media?parent=11864"}],"curies":[{"name":"wp","href":"https:\/\/api.w.org\/{rel}","templated":true}]}}