{"id":11820,"date":"2024-03-19T11:08:01","date_gmt":"2024-03-19T10:08:01","guid":{"rendered":"https:\/\/keszi.hu\/?page_id=11820"},"modified":"2025-12-15T14:58:02","modified_gmt":"2025-12-15T13:58:02","slug":"idoseknek-nyujtott-szolgaltatasok","status":"publish","type":"page","link":"https:\/\/keszi.hu\/index.php\/idoseknek-nyujtott-szolgaltatasok\/","title":{"rendered":"ID\u0150SEKNEK NY\u00daJTOTT SZOLG\u00c1LTAT\u00c1SOK"},"content":{"rendered":"\t\t<div data-elementor-type=\"wp-page\" data-elementor-id=\"11820\" class=\"elementor elementor-11820\">\n\t\t\t\t\t\t<section class=\"elementor-section elementor-top-section elementor-element elementor-element-b39d80b elementor-section-stretched service elementor-section-boxed elementor-section-height-default elementor-section-height-default\" data-id=\"b39d80b\" data-element_type=\"section\" data-e-type=\"section\" data-settings=\"{&quot;stretch_section&quot;:&quot;section-stretched&quot;}\">\n\t\t\t\t\t\t<div class=\"elementor-container elementor-column-gap-default\">\n\t\t\t\t\t<div class=\"elementor-column elementor-col-33 elementor-top-column elementor-element elementor-element-5237d20 cms-service\" data-id=\"5237d20\" data-element_type=\"column\" data-e-type=\"column\" data-settings=\"{&quot;background_background&quot;:&quot;gradient&quot;}\">\n\t\t\t<div class=\"elementor-widget-wrap elementor-element-populated\">\n\t\t\t\t\t\t<div class=\"elementor-element elementor-element-7327852 elementor-widget__width-initial elementor-view-default elementor-position-block-start elementor-mobile-position-block-start elementor-widget elementor-widget-icon-box\" data-id=\"7327852\" data-element_type=\"widget\" data-e-type=\"widget\" data-widget_type=\"icon-box.default\">\n\t\t\t\t<div class=\"elementor-widget-container\">\n\t\t\t\t\t\t\t<div class=\"elementor-icon-box-wrapper\">\n\n\t\t\t\t\t\t<div class=\"elementor-icon-box-icon\">\n\t\t\t\t<a href=\"https:\/\/keszi.hu\/index.php\/etkeztetes\/\" class=\"elementor-icon\" tabindex=\"-1\" aria-label=\"\u00c9TKEZTET\u00c9S\">\n\t\t\t\t<svg xmlns=\"http:\/\/www.w3.org\/2000\/svg\" xmlns:xlink=\"http:\/\/www.w3.org\/1999\/xlink\" width=\"96\" height=\"96\"><defs><clipPath id=\"clip0\"><rect x=\"0\" y=\"0\" width=\"96\" height=\"96\"><\/rect><\/clipPath><\/defs><g clip-path=\"url(#clip0)\"><path d=\"M87.72 29.72C84.72 29.72 82.32 35.17 82.32 39.72 82.32 42.49 83.22 44.32 84.59 45.3 85.3159 45.7561 85.8414 46.471 86.06 47.3L85.43 68.69C85.5141 69.9685 86.6187 70.9368 87.8972 70.8528 89.0586 70.7764 89.9836 69.8514 90.06 68.69L89.43 47.3C89.6511 46.4694 90.1803 45.7542 90.91 45.3 92.27 44.3 93.17 42.49 93.17 39.72 93.11 35.17 90.71 29.72 87.72 29.72Z\" stroke=\"#000000\" stroke-width=\"1.33333\" fill=\"#FFFFFF\"><\/path><path d=\"M14.24 29.72 13.24 29.72 13.24 40.72C13.24 41.0403 12.9803 41.3 12.66 41.3 12.3397 41.3 12.08 41.0403 12.08 40.72L12.08 29.72 10.57 29.72 10.57 40.72C10.57 41.0403 10.3103 41.3 9.99 41.3 9.66967 41.3 9.41 41.0403 9.41 40.72L9.41 29.72 7.87 29.72 7.87 40.72C7.87 41.0403 7.61032 41.3 7.29 41.3 6.96967 41.3 6.71 41.0403 6.71 40.72L6.71 29.72 5.71 29.72C5.02707 33.0123 4.63887 36.3588 4.55 39.72 4.55 42.5 5.45 44.33 6.81 45.31 7.53762 45.7665 8.06616 46.4807 8.29 47.31L7.7 68.68C7.7 69.9613 8.7387 71 10.02 71 11.3013 71 12.34 69.9613 12.34 68.68L11.71 47.27C11.9314 46.4423 12.4562 45.7283 13.18 45.27 14.55 44.27 15.45 42.46 15.45 39.68 15.2944 36.3346 14.89 33.0054 14.24 29.72Z\" stroke=\"#000000\" stroke-width=\"1.33333\" fill=\"#FFFFFF\"><\/path><path d=\"M79.59 48.91 79.59 25.76C79.6066 24.8047 78.8456 24.0168 77.8903 24.0002 77.8769 24 77.8634 23.9999 77.85 24 77.85 24 74.85 24.11 74.36 32.54L73.5 47.51C73.5 48.27 75.28 48.88 75.95 49.13L75.07 68.4C75.159 69.8332 76.393 70.9228 77.8262 70.8338 79.1352 70.7525 80.1787 69.709 80.26 68.4Z\" stroke=\"#000000\" stroke-width=\"1.33333\" fill=\"#FFFFFF\"><\/path><path d=\"M44 20C29.0883 20 17 32.0883 17 47 17 61.9117 29.0883 74 44 74 58.9117 74 71 61.9117 71 47 71 32.0883 58.9117 20 44 20ZM44 68C32.402 68 23 58.598 23 47 23 35.402 32.402 26 44 26 55.598 26 65 35.402 65 47 65 58.598 55.598 68 44 68Z\" stroke=\"#000000\" stroke-width=\"1.33333\" fill=\"#FFFFFF\"><\/path><path d=\"M62 47C62 56.9411 53.9411 65 44 65 34.0589 65 26 56.9411 26 47 26 37.0589 34.0589 29 44 29 53.9411 29 62 37.0589 62 47Z\" stroke=\"#000000\" stroke-width=\"1.33333\" fill=\"#FFFFFF\"><\/path><\/g><\/svg>\t\t\t\t<\/a>\n\t\t\t<\/div>\n\t\t\t\n\t\t\t\t\t\t<div class=\"elementor-icon-box-content\">\n\n\t\t\t\t\t\t\t\t\t<h2 class=\"elementor-icon-box-title\">\n\t\t\t\t\t\t<a href=\"https:\/\/keszi.hu\/index.php\/etkeztetes\/\" >\n\t\t\t\t\t\t\t\u00c9TKEZTET\u00c9S\t\t\t\t\t\t<\/a>\n\t\t\t\t\t<\/h2>\n\t\t\t\t\n\t\t\t\t\n\t\t\t<\/div>\n\t\t\t\n\t\t<\/div>\n\t\t\t\t\t\t<\/div>\n\t\t\t\t<\/div>\n\t\t\t\t\t<\/div>\n\t\t<\/div>\n\t\t\t\t<div class=\"elementor-column elementor-col-33 elementor-top-column elementor-element elementor-element-009dc84 cms-service\" data-id=\"009dc84\" data-element_type=\"column\" data-e-type=\"column\" data-settings=\"{&quot;background_background&quot;:&quot;gradient&quot;}\">\n\t\t\t<div class=\"elementor-widget-wrap elementor-element-populated\">\n\t\t\t\t\t\t<div class=\"elementor-element elementor-element-9cb10bd elementor-widget__width-initial elementor-view-default elementor-position-block-start elementor-mobile-position-block-start elementor-widget elementor-widget-icon-box\" data-id=\"9cb10bd\" data-element_type=\"widget\" data-e-type=\"widget\" data-widget_type=\"icon-box.default\">\n\t\t\t\t<div class=\"elementor-widget-container\">\n\t\t\t\t\t\t\t<div class=\"elementor-icon-box-wrapper\">\n\n\t\t\t\t\t\t<div class=\"elementor-icon-box-icon\">\n\t\t\t\t<a href=\"https:\/\/keszi.hu\/index.php\/hazi-segitsegnyujtas\/\" class=\"elementor-icon\" tabindex=\"-1\" aria-label=\"H\u00c1ZI SEG\u00cdTS\u00c9GNY\u00daJT\u00c1S\">\n\t\t\t\t<svg xmlns=\"http:\/\/www.w3.org\/2000\/svg\" xmlns:xlink=\"http:\/\/www.w3.org\/1999\/xlink\" width=\"96\" height=\"96\"><defs><clipPath id=\"clip0\"><rect x=\"0\" y=\"0\" width=\"96\" height=\"96\"><\/rect><\/clipPath><\/defs><g clip-path=\"url(#clip0)\"><path d=\"M72 34.8 72 18 64 18 64 27.2 48 12 48 12 6 52 10.5 55.8 48 20.2 48 20.2 85.5 55.8 90 52Z\" stroke=\"#000000\" stroke-width=\"1.33333\" fill=\"#FFFFFF\"><\/path><path d=\"M18 54.3 18 84 42 84 42 59 54 59 54 84 78 84 78 54.3 48 25.8 18 54.3ZM36 71 24 71 24 59 36 59 36 71ZM60 59 72 59 72 71 60 71 60 59Z\" stroke=\"#000000\" stroke-width=\"1.33333\" fill=\"#FFFFFF\"><\/path><\/g><\/svg>\t\t\t\t<\/a>\n\t\t\t<\/div>\n\t\t\t\n\t\t\t\t\t\t<div class=\"elementor-icon-box-content\">\n\n\t\t\t\t\t\t\t\t\t<h2 class=\"elementor-icon-box-title\">\n\t\t\t\t\t\t<a href=\"https:\/\/keszi.hu\/index.php\/hazi-segitsegnyujtas\/\" >\n\t\t\t\t\t\t\tH\u00c1ZI SEG\u00cdTS\u00c9GNY\u00daJT\u00c1S\t\t\t\t\t\t<\/a>\n\t\t\t\t\t<\/h2>\n\t\t\t\t\n\t\t\t\t\n\t\t\t<\/div>\n\t\t\t\n\t\t<\/div>\n\t\t\t\t\t\t<\/div>\n\t\t\t\t<\/div>\n\t\t\t\t\t<\/div>\n\t\t<\/div>\n\t\t\t\t<div class=\"elementor-column elementor-col-33 elementor-top-column elementor-element elementor-element-33e4775 cms-service\" data-id=\"33e4775\" data-element_type=\"column\" data-e-type=\"column\" data-settings=\"{&quot;background_background&quot;:&quot;gradient&quot;}\">\n\t\t\t<div class=\"elementor-widget-wrap elementor-element-populated\">\n\t\t\t\t\t\t<div class=\"elementor-element elementor-element-7f57e9a elementor-widget__width-initial elementor-view-default elementor-position-block-start elementor-mobile-position-block-start elementor-widget elementor-widget-icon-box\" data-id=\"7f57e9a\" data-element_type=\"widget\" data-e-type=\"widget\" data-widget_type=\"icon-box.default\">\n\t\t\t\t<div class=\"elementor-widget-container\">\n\t\t\t\t\t\t\t<div class=\"elementor-icon-box-wrapper\">\n\n\t\t\t\t\t\t<div class=\"elementor-icon-box-icon\">\n\t\t\t\t<a href=\"https:\/\/keszi.hu\/index.php\/jelzorendszeres-hazi-segitsegnyujtas-2\/\" class=\"elementor-icon\" tabindex=\"-1\" aria-label=\"JELZ\u0150RENDSZERES H\u00c1ZI SEG\u00cdTS\u00c9GNY\u00daJT\u00c1S\">\n\t\t\t\t<svg xmlns=\"http:\/\/www.w3.org\/2000\/svg\" xmlns:xlink=\"http:\/\/www.w3.org\/1999\/xlink\" width=\"96\" height=\"96\"><defs><clipPath id=\"clip0\"><rect x=\"0\" y=\"0\" width=\"96\" height=\"96\"><\/rect><\/clipPath><\/defs><g clip-path=\"url(#clip0)\"><path d=\"M49.44 88 49.44 79.33C49.4754 77.9555 48.8227 76.6538 47.7 75.86 45.2013 73.9202 42.3061 72.5545 39.22 71.86 36.9042 71.1648 34.5069 70.7781 32.09 70.71 29.6837 70.7045 27.2915 71.0757 25 71.81 21.9578 72.6281 19.0861 73.9827 16.52 75.81 15.4361 76.6355 14.7969 77.9175 14.79 79.28L14.79 88Z\" stroke=\"#000000\" stroke-width=\"1.33333\" fill=\"#FFFFFF\"><\/path><path d=\"M40.76 59.67C40.76 64.4583 36.8783 68.34 32.09 68.34 27.3017 68.34 23.42 64.4583 23.42 59.67 23.42 54.8817 27.3017 51 32.09 51 36.8783 51 40.76 54.8817 40.76 59.67Z\" stroke=\"#000000\" stroke-width=\"1.33333\" fill=\"#FFFFFF\"><\/path><path d=\"M79.27 9 38.17 9C36.8319 9.011 35.7544 10.1018 35.76 11.44L35.76 43.56C35.7434 44.8909 36.8088 45.9833 38.1397 45.9999 38.1432 45.9999 38.1466 46 38.15 46L45.75 46 45.75 56.09 54.92 46 79.22 46C80.5565 45.9945 81.6355 44.9066 81.6301 43.5701 81.6301 43.5667 81.63 43.5634 81.63 43.56L81.68 11.47C81.7076 10.1338 80.6468 9.02812 79.3105 9.0005 79.297 9.00022 79.2835 9.00005 79.27 9ZM65.27 18.39 66.82 16.84C67.0915 16.6224 67.488 16.6662 67.7056 16.9377 67.8884 17.1659 67.8902 17.4898 67.71 17.72L66.16 19.27C66.0431 19.3861 65.8848 19.4508 65.72 19.45 65.5526 19.4492 65.3917 19.3849 65.27 19.27 65.0645 19.0233 65.0774 18.6614 65.3 18.43ZM58.1 13.59C58.0562 13.2448 58.3006 12.9295 58.6458 12.8858 58.991 12.842 59.3062 13.0864 59.35 13.4316 59.3567 13.4842 59.3567 13.5374 59.35 13.59L59.35 15.77C59.3937 16.1152 59.1494 16.4305 58.8042 16.4742 58.459 16.518 58.1437 16.2736 58.1 15.9284 58.0933 15.8758 58.0933 15.8226 58.1 15.77ZM49.76 16.72C49.9933 16.477 50.3795 16.4692 50.6225 16.7025 50.6284 16.7082 50.6343 16.714 50.64 16.72L52.19 18.27C52.4288 18.5147 52.4288 18.9053 52.19 19.15 52.0731 19.2661 51.9148 19.3308 51.75 19.33 51.5826 19.3292 51.4217 19.2649 51.3 19.15L49.76 17.6C49.5447 17.3567 49.5579 16.9873 49.79 16.76ZM49 26 46.85 26C46.5048 25.9563 46.2605 25.641 46.3042 25.2958 46.3404 25.0107 46.5649 24.7861 46.85 24.75L49 24.75C49.3452 24.7063 49.6605 24.9506 49.7042 25.2958 49.748 25.641 49.5036 25.9563 49.1584 26 49.1058 26.0067 49.0526 26.0067 49 26ZM52.18 32.4 50.63 33.95C50.356 34.1645 49.9601 34.1163 49.7456 33.8423 49.5654 33.6121 49.5672 33.2882 49.75 33.06L51.29 31.52C51.5615 31.3024 51.958 31.3462 52.1756 31.6177 52.3584 31.8459 52.3602 32.1698 52.18 32.4ZM58.7 39.5C57.6656 39.5047 56.7983 38.7198 56.7 37.69L60.61 37.69C60.5158 38.6862 59.6998 39.4594 58.7 39.5ZM61.14 36.44 56.25 36.44C55.7529 36.44 55.35 36.0371 55.35 35.54 55.35 35.0429 55.7529 34.64 56.25 34.64L61.14 34.64C61.6371 34.64 62.04 35.0429 62.04 35.54 62.04 36.0371 61.6371 36.44 61.14 36.44ZM62.33 33.33C62.3143 33.3659 62.2792 33.3894 62.24 33.39L55.15 33.39C55.1211 33.4017 55.0889 33.4017 55.06 33.39 54.5548 32.2865 53.9167 31.2488 53.16 30.3 52.6189 29.6914 52.1921 28.9902 51.9 28.23 51.5839 27.4259 51.4081 26.5735 51.38 25.71L51.38 25.4C51.5294 21.36 54.9255 18.2061 58.9655 18.3555 62.7959 18.4972 65.8684 21.5696 66.01 25.4L66.01 25.66C65.9815 26.5258 65.8091 27.3808 65.5 28.19 65.2035 28.948 64.7772 29.6485 64.24 30.26 63.4834 31.2036 62.8422 32.2343 62.33 33.33ZM67.74 33.81C67.6231 33.9261 67.4648 33.9908 67.3 33.99 67.1326 33.9892 66.9717 33.9249 66.85 33.81L65.3 32.26C65.0855 31.986 65.1337 31.5901 65.4077 31.3756 65.6379 31.1954 65.9619 31.1972 66.19 31.38L67.74 32.92C67.98 33.1681 67.98 33.5619 67.74 33.81ZM70.54 26 68.36 26C68.0148 26.0437 67.6995 25.7994 67.6558 25.4542 67.612 25.109 67.8564 24.7937 68.2016 24.75 68.2542 24.7433 68.3074 24.7433 68.36 24.75L70.54 24.75C70.8852 24.7063 71.2005 24.9506 71.2442 25.2958 71.288 25.641 71.0436 25.9563 70.6984 26 70.6458 26.0067 70.5926 26.0067 70.54 26Z\" stroke=\"#000000\" stroke-width=\"1.33333\" fill=\"#FFFFFF\"><\/path><\/g><\/svg>\t\t\t\t<\/a>\n\t\t\t<\/div>\n\t\t\t\n\t\t\t\t\t\t<div class=\"elementor-icon-box-content\">\n\n\t\t\t\t\t\t\t\t\t<h2 class=\"elementor-icon-box-title\">\n\t\t\t\t\t\t<a href=\"https:\/\/keszi.hu\/index.php\/jelzorendszeres-hazi-segitsegnyujtas-2\/\" >\n\t\t\t\t\t\t\tJELZ\u0150RENDSZERES H\u00c1ZI SEG\u00cdTS\u00c9GNY\u00daJT\u00c1S\t\t\t\t\t\t<\/a>\n\t\t\t\t\t<\/h2>\n\t\t\t\t\n\t\t\t\t\n\t\t\t<\/div>\n\t\t\t\n\t\t<\/div>\n\t\t\t\t\t\t<\/div>\n\t\t\t\t<\/div>\n\t\t\t\t\t<\/div>\n\t\t<\/div>\n\t\t\t\t\t<\/div>\n\t\t<\/section>\n\t\t\t\t<section class=\"elementor-section elementor-top-section elementor-element elementor-element-ad3f89d elementor-section-stretched service elementor-section-boxed elementor-section-height-default elementor-section-height-default\" data-id=\"ad3f89d\" data-element_type=\"section\" data-e-type=\"section\" data-settings=\"{&quot;stretch_section&quot;:&quot;section-stretched&quot;}\">\n\t\t\t\t\t\t<div class=\"elementor-container elementor-column-gap-default\">\n\t\t\t\t\t<div class=\"elementor-column elementor-col-33 elementor-top-column elementor-element elementor-element-1898104 cms-service\" data-id=\"1898104\" data-element_type=\"column\" data-e-type=\"column\" data-settings=\"{&quot;background_background&quot;:&quot;gradient&quot;}\">\n\t\t\t<div class=\"elementor-widget-wrap elementor-element-populated\">\n\t\t\t\t\t\t<div class=\"elementor-element elementor-element-39f5a03 elementor-widget__width-initial elementor-view-default elementor-position-block-start elementor-mobile-position-block-start elementor-widget elementor-widget-icon-box\" data-id=\"39f5a03\" data-element_type=\"widget\" data-e-type=\"widget\" data-widget_type=\"icon-box.default\">\n\t\t\t\t<div class=\"elementor-widget-container\">\n\t\t\t\t\t\t\t<div class=\"elementor-icon-box-wrapper\">\n\n\t\t\t\t\t\t<div class=\"elementor-icon-box-icon\">\n\t\t\t\t<a href=\"https:\/\/keszi.hu\/index.php\/idosek-gondozohaza-atmeneti-ellatast-nyujto-intezmeny\/\" class=\"elementor-icon\" tabindex=\"-1\" aria-label=\"ID\u0150SEK GONDOZ\u00d3H\u00c1ZA \u00c1TMENETI ELL\u00c1T\u00c1ST NY\u00daJT\u00d3 INT\u00c9ZM\u00c9NY\">\n\t\t\t\t<svg xmlns=\"http:\/\/www.w3.org\/2000\/svg\" xmlns:xlink=\"http:\/\/www.w3.org\/1999\/xlink\" width=\"96\" height=\"96\"><defs><clipPath id=\"clip0\"><rect x=\"0\" y=\"0\" width=\"96\" height=\"96\"><\/rect><\/clipPath><\/defs><g clip-path=\"url(#clip0)\"><path d=\"M65 29 59 29 59 23 65 23 65 29ZM65 45 59 45 59 39 65 39 65 45ZM65 61 59 61 59 55 65 55 65 61ZM65 77 59 77 59 71 65 71 65 77ZM51 29 45 29 45 23 51 23 51 29ZM51 45 45 45 45 39 51 39 51 45ZM51 61 45 61 45 55 51 55 51 61ZM51 83 45 83 45 71 51 71 51 83ZM37 29 31 29 31 23 37 23 37 29ZM37 45 31 45 31 39 37 39 37 45ZM37 61 31 61 31 55 37 55 37 61ZM37 77 31 77 31 71 37 71 37 77ZM72 83 72 16 69 16 69 10 66 10 66 6 30 6 30 10 27 10 27 16 24 16 24 83 20 83 20 90 76 90 76 83 72 83Z\" stroke=\"#000000\" stroke-width=\"1.33333\" fill=\"#FFFFFF\"><\/path><\/g><\/svg>\t\t\t\t<\/a>\n\t\t\t<\/div>\n\t\t\t\n\t\t\t\t\t\t<div class=\"elementor-icon-box-content\">\n\n\t\t\t\t\t\t\t\t\t<h2 class=\"elementor-icon-box-title\">\n\t\t\t\t\t\t<a href=\"https:\/\/keszi.hu\/index.php\/idosek-gondozohaza-atmeneti-ellatast-nyujto-intezmeny\/\" >\n\t\t\t\t\t\t\tID\u0150SEK GONDOZ\u00d3H\u00c1ZA \u00c1TMENETI ELL\u00c1T\u00c1ST NY\u00daJT\u00d3 INT\u00c9ZM\u00c9NY\t\t\t\t\t\t<\/a>\n\t\t\t\t\t<\/h2>\n\t\t\t\t\n\t\t\t\t\n\t\t\t<\/div>\n\t\t\t\n\t\t<\/div>\n\t\t\t\t\t\t<\/div>\n\t\t\t\t<\/div>\n\t\t\t\t\t<\/div>\n\t\t<\/div>\n\t\t\t\t<div class=\"elementor-column elementor-col-33 elementor-top-column elementor-element elementor-element-012fec7 cms-service\" data-id=\"012fec7\" data-element_type=\"column\" data-e-type=\"column\" data-settings=\"{&quot;background_background&quot;:&quot;gradient&quot;}\">\n\t\t\t<div class=\"elementor-widget-wrap elementor-element-populated\">\n\t\t\t\t\t\t<div class=\"elementor-element elementor-element-38926b2 elementor-widget__width-initial elementor-view-default elementor-position-block-start elementor-mobile-position-block-start elementor-widget elementor-widget-icon-box\" data-id=\"38926b2\" data-element_type=\"widget\" data-e-type=\"widget\" data-widget_type=\"icon-box.default\">\n\t\t\t\t<div class=\"elementor-widget-container\">\n\t\t\t\t\t\t\t<div class=\"elementor-icon-box-wrapper\">\n\n\t\t\t\t\t\t<div class=\"elementor-icon-box-icon\">\n\t\t\t\t<a href=\"https:\/\/keszi.hu\/index.php\/idosek-otthonai\/\" class=\"elementor-icon\" tabindex=\"-1\" aria-label=\"ID\u0150SEK OTTHONAI\">\n\t\t\t\t<svg xmlns=\"http:\/\/www.w3.org\/2000\/svg\" xmlns:xlink=\"http:\/\/www.w3.org\/1999\/xlink\" width=\"96\" height=\"96\"><defs><clipPath id=\"clip0\"><rect x=\"0\" y=\"0\" width=\"96\" height=\"96\"><\/rect><\/clipPath><\/defs><g clip-path=\"url(#clip0)\"><path d=\"M14 65 18 65 18 69 14 69 14 65ZM14 57 18 57 18 61 14 61 14 57ZM14 49 18 49 18 53 14 53 14 49ZM22 65 26 65 26 69 22 69 22 65ZM22 57 26 57 26 61 22 61 22 57ZM22 49 26 49 26 53 22 53 22 49ZM8 79 18 79 18 73 22 73 22 79 32 79 32 43 8 43 8 79Z\" stroke=\"#000000\" stroke-width=\"1.33333\" fill=\"#FFFFFF\"><\/path><path d=\"M42 65 46 65 46 69 42 69 42 65ZM42 57 46 57 46 61 42 61 42 57ZM50 65 54 65 54 69 50 69 50 65ZM50 57 54 57 54 61 50 61 50 57ZM36 79 46 79 46 73 50 73 50 79 60 79 60 51 36 51 36 79Z\" stroke=\"#000000\" stroke-width=\"1.33333\" fill=\"#FFFFFF\"><\/path><path d=\"M82 30 78 30 78 26 82 26 82 30ZM82 37 78 37 78 33 82 33 82 37ZM82 45 78 45 78 41 82 41 82 45ZM82 53 78 53 78 49 82 49 82 53ZM82 61 78 61 78 57 82 57 82 61ZM82 69 78 69 78 65 82 65 82 69ZM74 30 70 30 70 26 74 26 74 30ZM74 37 70 37 70 33 74 33 74 37ZM74 45 70 45 70 41 74 41 74 45ZM74 53 70 53 70 49 74 49 74 53ZM74 61 70 61 70 57 74 57 74 61ZM74 69 70 69 70 65 74 65 74 69ZM64 19 64 79 74 79 74 73 78 73 78 79 88 79 88 22 64 19Z\" stroke=\"#000000\" stroke-width=\"1.33333\" fill=\"#FFFFFF\"><\/path><path d=\"M36 31 40 31 40 35 36 35 36 31ZM36 23 40 23 40 27 36 27 36 23ZM32 27 28 27 28 23 32 23 32 27ZM32 35 28 35 28 31 32 31 32 35ZM36 47 46 47 46 17 22 17 22 39 36 39 36 47Z\" stroke=\"#000000\" stroke-width=\"1.33333\" fill=\"#FFFFFF\"><\/path><\/g><\/svg>\t\t\t\t<\/a>\n\t\t\t<\/div>\n\t\t\t\n\t\t\t\t\t\t<div class=\"elementor-icon-box-content\">\n\n\t\t\t\t\t\t\t\t\t<h2 class=\"elementor-icon-box-title\">\n\t\t\t\t\t\t<a href=\"https:\/\/keszi.hu\/index.php\/idosek-otthonai\/\" >\n\t\t\t\t\t\t\tID\u0150SEK OTTHONAI\t\t\t\t\t\t<\/a>\n\t\t\t\t\t<\/h2>\n\t\t\t\t\n\t\t\t\t\n\t\t\t<\/div>\n\t\t\t\n\t\t<\/div>\n\t\t\t\t\t\t<\/div>\n\t\t\t\t<\/div>\n\t\t\t\t\t<\/div>\n\t\t<\/div>\n\t\t\t\t<div class=\"elementor-column elementor-col-33 elementor-top-column elementor-element elementor-element-2acc661 cms-service\" data-id=\"2acc661\" data-element_type=\"column\" data-e-type=\"column\" data-settings=\"{&quot;background_background&quot;:&quot;gradient&quot;}\">\n\t\t\t<div class=\"elementor-widget-wrap elementor-element-populated\">\n\t\t\t\t\t\t<div class=\"elementor-element elementor-element-34de224 elementor-widget__width-initial elementor-view-default elementor-position-block-start elementor-mobile-position-block-start elementor-widget elementor-widget-icon-box\" data-id=\"34de224\" data-element_type=\"widget\" data-e-type=\"widget\" data-widget_type=\"icon-box.default\">\n\t\t\t\t<div class=\"elementor-widget-container\">\n\t\t\t\t\t\t\t<div class=\"elementor-icon-box-wrapper\">\n\n\t\t\t\t\t\t<div class=\"elementor-icon-box-icon\">\n\t\t\t\t<a href=\"https:\/\/keszi.hu\/index.php\/idosek-nappali-ellatasai-demens-szemelyek-nappali-ellatasa\/\" class=\"elementor-icon\" tabindex=\"-1\" aria-label=\"ID\u0150SEK NAPPALI ELL\u00c1T\u00c1SA \/ DEMENS SZEM\u00c9LYEK ELL\u00c1T\u00c1SA\">\n\t\t\t\t<svg xmlns=\"http:\/\/www.w3.org\/2000\/svg\" xmlns:xlink=\"http:\/\/www.w3.org\/1999\/xlink\" width=\"96\" height=\"96\"><defs><clipPath id=\"clip0\"><rect x=\"0\" y=\"0\" width=\"96\" height=\"96\"><\/rect><\/clipPath><\/defs><g clip-path=\"url(#clip0)\"><path d=\"M21 32.19C23.7614 32.19 26 29.9514 26 27.19 26 24.4286 23.7614 22.19 21 22.19 18.2386 22.19 16 24.4286 16 27.19 16 29.9514 18.2386 32.19 21 32.19Z\" stroke=\"#000000\" stroke-width=\"1.33333\" fill=\"#FFFFFF\"><\/path><path d=\"M27.52 43.52C27.951 43.8309 28.4686 43.9988 29 44L36 44C37.3807 44 38.5 42.8807 38.5 41.5 38.5 40.1193 37.3807 39 36 39L29.82 39 25.06 35.51C24.0205 34.0817 22.2962 33.3187 20.54 33.51 17.9526 33.8317 16.0245 36.0531 16.07 38.66L16.07 53C16.07 55.7614 18.3086 58 21.07 58L26 58 26 58 32 58 32 70.72C32 72.1007 33.1193 73.22 34.5 73.22 35.8807 73.22 37 72.1007 37 70.72L37 55.47C37 54.0893 35.8807 52.97 34.5 52.97L26 52.97 26 42.39Z\" stroke=\"#000000\" stroke-width=\"1.33333\" fill=\"#FFFFFF\"><\/path><path d=\"M75 32.19C77.7614 32.19 80 29.9514 80 27.19 80 24.4286 77.7614 22.19 75 22.19 72.2386 22.19 70 24.4286 70 27.19 70 29.9514 72.2386 32.19 75 32.19Z\" stroke=\"#000000\" stroke-width=\"1.33333\" fill=\"#FFFFFF\"><\/path><path d=\"M75.46 33.46C73.7038 33.2687 71.9795 34.0317 70.94 35.46L66.18 39 60 39C58.6193 39 57.5 40.1193 57.5 41.5 57.5 42.8807 58.6193 44 60 44L67 44C67.5314 43.9988 68.049 43.8309 68.48 43.52L70 42.39 70 53 61.53 53C60.1493 53 59.03 54.1193 59.03 55.5L59.03 70.72C59.03 72.1007 60.1493 73.22 61.53 73.22 62.9107 73.22 64.03 72.1007 64.03 70.72L64.03 58 70.03 58 70.03 58 74.91 58C77.6714 58 79.91 55.7614 79.91 53L79.91 38.61C79.9567 36.0098 78.0394 33.791 75.46 33.46Z\" stroke=\"#000000\" stroke-width=\"1.33333\" fill=\"#FFFFFF\"><\/path><path d=\"M65 46 31 46C29.8954 46 29 46.8954 29 48 29 49.1046 29.8954 50 31 50L46 50 46 70 40 70 40 74 56 74 56 70 50 70 50 50 65 50C66.1046 50 67 49.1046 67 48 67 46.8954 66.1046 46 65 46Z\" stroke=\"#000000\" stroke-width=\"1.33333\" fill=\"#FFFFFF\"><\/path><path d=\"M28 60 14 60 14 40C14 38.8954 13.1046 38 12 38 10.8954 38 10 38.8954 10 40L10 62C10 63.1046 10.8954 64 12 64L18 64 18 70 14 70 14 74 26 74 26 70 22 70 22 64 28 64C29.1046 64 30 63.1046 30 62 30 60.8954 29.1046 60 28 60Z\" stroke=\"#000000\" stroke-width=\"1.33333\" fill=\"#FFFFFF\"><\/path><path d=\"M84 38.5C82.8954 38.5 82 39.3954 82 40.5L82 60 68 60C66.8954 60 66 60.8954 66 62 66 63.1046 66.8954 64 68 64L74 64 74 70 70 70 70 74 82 74 82 70 78 70 78 64 84 64C85.1046 64 86 63.1046 86 62L86 40.5C86 39.3954 85.1046 38.5 84 38.5Z\" stroke=\"#000000\" stroke-width=\"1.33333\" fill=\"#FFFFFF\"><\/path><\/g><\/svg>\t\t\t\t<\/a>\n\t\t\t<\/div>\n\t\t\t\n\t\t\t\t\t\t<div class=\"elementor-icon-box-content\">\n\n\t\t\t\t\t\t\t\t\t<h2 class=\"elementor-icon-box-title\">\n\t\t\t\t\t\t<a href=\"https:\/\/keszi.hu\/index.php\/idosek-nappali-ellatasai-demens-szemelyek-nappali-ellatasa\/\" >\n\t\t\t\t\t\t\tID\u0150SEK NAPPALI ELL\u00c1T\u00c1SA \/ DEMENS SZEM\u00c9LYEK ELL\u00c1T\u00c1SA\t\t\t\t\t\t<\/a>\n\t\t\t\t\t<\/h2>\n\t\t\t\t\n\t\t\t\t\n\t\t\t<\/div>\n\t\t\t\n\t\t<\/div>\n\t\t\t\t\t\t<\/div>\n\t\t\t\t<\/div>\n\t\t\t\t\t<\/div>\n\t\t<\/div>\n\t\t\t\t\t<\/div>\n\t\t<\/section>\n\t\t\t\t<\/div>\n\t\t","protected":false},"excerpt":{"rendered":"<p>\u00c9TKEZTET\u00c9S H\u00c1ZI SEG\u00cdTS\u00c9GNY\u00daJT\u00c1S JELZ\u0150RENDSZERES H\u00c1ZI SEG\u00cdTS\u00c9GNY\u00daJT\u00c1S ID\u0150SEK GONDOZ\u00d3H\u00c1ZA \u00c1TMENETI ELL\u00c1T\u00c1ST NY\u00daJT\u00d3 INT\u00c9ZM\u00c9NY ID\u0150SEK OTTHONAI ID\u0150SEK NAPPALI ELL\u00c1T\u00c1SA \/ DEMENS SZEM\u00c9LYEK ELL\u00c1T\u00c1SA<\/p>\n","protected":false},"author":1,"featured_media":0,"parent":0,"menu_order":0,"comment_status":"closed","ping_status":"closed","template":"","meta":{"_tbt_post_transparent":"","_tbt_post_title":"","_tbt_post_layout":"","_tbt_post_sidebar_id":"","_tbt_post_content_style":"","_tbt_post_vertical_padding":"","_tbt_post_feature":"","_tbt_post_feature_position":"","_tbt_post_header":false,"_tbt_post_footer":false},"class_list":["post-11820","page","type-page","status-publish","hentry"],"_links":{"self":[{"href":"https:\/\/keszi.hu\/index.php\/wp-json\/wp\/v2\/pages\/11820","targetHints":{"allow":["GET"]}}],"collection":[{"href":"https:\/\/keszi.hu\/index.php\/wp-json\/wp\/v2\/pages"}],"about":[{"href":"https:\/\/keszi.hu\/index.php\/wp-json\/wp\/v2\/types\/page"}],"author":[{"embeddable":true,"href":"https:\/\/keszi.hu\/index.php\/wp-json\/wp\/v2\/users\/1"}],"replies":[{"embeddable":true,"href":"https:\/\/keszi.hu\/index.php\/wp-json\/wp\/v2\/comments?post=11820"}],"version-history":[{"count":94,"href":"https:\/\/keszi.hu\/index.php\/wp-json\/wp\/v2\/pages\/11820\/revisions"}],"predecessor-version":[{"id":15198,"href":"https:\/\/keszi.hu\/index.php\/wp-json\/wp\/v2\/pages\/11820\/revisions\/15198"}],"wp:attachment":[{"href":"https:\/\/keszi.hu\/index.php\/wp-json\/wp\/v2\/media?parent=11820"}],"curies":[{"name":"wp","href":"https:\/\/api.w.org\/{rel}","templated":true}]}}