{"id":11897,"date":"2024-03-20T15:33:57","date_gmt":"2024-03-20T14:33:57","guid":{"rendered":"https:\/\/keszi.hu\/?page_id=11897"},"modified":"2024-05-15T11:28:59","modified_gmt":"2024-05-15T09:28:59","slug":"jelzorendszeres-hazi-segitsegnyujtas-2","status":"publish","type":"page","link":"http:\/\/keszi.hu\/index.php\/jelzorendszeres-hazi-segitsegnyujtas-2\/","title":{"rendered":"Jelz\u0151rendszeres h\u00e1zi seg\u00edts\u00e9gny\u00fajt\u00e1s"},"content":{"rendered":"\t\t<div data-elementor-type=\"wp-page\" data-elementor-id=\"11897\" class=\"elementor elementor-11897\">\n\t\t\t\t\t\t<section class=\"elementor-section elementor-top-section elementor-element elementor-element-8a043ee elementor-section-full_width elementor-section-height-default elementor-section-height-default\" data-id=\"8a043ee\" data-element_type=\"section\" data-e-type=\"section\">\n\t\t\t\t\t\t<div class=\"elementor-container elementor-column-gap-default\">\n\t\t\t\t\t<div class=\"elementor-column elementor-col-100 elementor-top-column elementor-element elementor-element-e2b040d about_cms_block\" data-id=\"e2b040d\" data-element_type=\"column\" data-e-type=\"column\" data-settings=\"{&quot;background_background&quot;:&quot;classic&quot;}\">\n\t\t\t<div class=\"elementor-widget-wrap elementor-element-populated\">\n\t\t\t\t\t\t<div class=\"elementor-element elementor-element-5f7ccfc elementor-widget elementor-widget-heading\" data-id=\"5f7ccfc\" data-element_type=\"widget\" data-e-type=\"widget\" data-widget_type=\"heading.default\">\n\t\t\t\t<div class=\"elementor-widget-container\">\n\t\t\t\t\t<h2 class=\"elementor-heading-title elementor-size-default\">Jelz\u0151rendszeres h\u00e1zi seg\u00edts\u00e9gny\u00fajt\u00e1s<\/h2>\t\t\t\t<\/div>\n\t\t\t\t<\/div>\n\t\t\t\t<div class=\"elementor-element elementor-element-4f0a5cb elementor-widget__width-initial elementor-widget elementor-widget-text-editor\" data-id=\"4f0a5cb\" data-element_type=\"widget\" data-e-type=\"widget\" data-widget_type=\"text-editor.default\">\n\t\t\t\t<div class=\"elementor-widget-container\">\n\t\t\t\t\t\t\t\t\t<p class=\"v1MsoNormal\"><b><i>Mit ny\u00fajt a szolg\u00e1ltat\u00e1s?<\/i><\/b><\/p><ul type=\"disc\"><li class=\"v1MsoListParagraphCxSpFirst\">A seg\u00e9lyh\u00edv\u00f3 szolg\u00e1ltat\u00e1s, amely \u201e\u00e9letet menthet.\u201d<i><\/i><\/li><li class=\"v1MsoListParagraphCxSpMiddle\"><i>A jelz\u0151rendszeres h\u00e1zi seg\u00edts\u00e9gny\u00fajt\u00e1s a saj\u00e1t otthonukban \u00e9l\u0151, eg\u00e9szs\u00e9gi \u00e1llapotuk \u00e9s szoci\u00e1lis helyzet\u00fck miatt r\u00e1szorul\u00f3, a seg\u00e9lyh\u00edv\u00f3 k\u00e9sz\u00fcl\u00e9k megfelel\u0151 haszn\u00e1lat\u00e1ra k\u00e9pes id\u0151skor\u00fa vagy fogyat\u00e9kos szem\u00e9lyek, illetve pszichi\u00e1triai betegek r\u00e9sz\u00e9re az \u00f6n\u00e1ll\u00f3 \u00e9letvitel fenntart\u00e1sa mellett felmer\u00fcl\u0151 kr\u00edzishelyzetek elh\u00e1r\u00edt\u00e1sa c\u00e9lj\u00e1b\u00f3l ny\u00fajtott ell\u00e1t\u00e1s. Biztos\u00edtjuk az ell\u00e1tott szem\u00e9ly seg\u00e9lyh\u00edv\u00e1sa eset\u00e9n az \u00fcgyeletes gondoz\u00f3nak a helysz\u00ednen t\u00f6rt\u00e9n\u0151 halad\u00e9ktalan megjelen\u00e9s\u00e9t, a seg\u00e9lyh\u00edv\u00e1s ok\u00e1ul szolg\u00e1l\u00f3 probl\u00e9ma megold\u00e1sa \u00e9rdek\u00e9ben sz\u00fcks\u00e9ges azonnali int\u00e9zked\u00e9sek megt\u00e9tel\u00e9t, sz\u00fcks\u00e9g eset\u00e9n tov\u00e1bbi eg\u00e9szs\u00e9g\u00fcgyi vagy szoci\u00e1lis ell\u00e1t\u00e1s kezdem\u00e9nyez\u00e9s\u00e9t.<\/i><\/li><\/ul><p class=\"v1MsoListParagraphCxSpLast\"><i>A jelz\u0151rendszeres h\u00e1zi seg\u00edts\u00e9gny\u00fajt\u00e1s ig\u00e9nybev\u00e9tele szempontj\u00e1b\u00f3l szoci\u00e1lisan r\u00e1szorult az egyed\u00fcl \u00e9l\u0151 65 \u00e9v feletti szem\u00e9ly, az egyed\u00fcl \u00e9l\u0151 s\u00falyosan fogyat\u00e9kos vagy pszichi\u00e1triai beteg szem\u00e9ly, vagy a k\u00e9tszem\u00e9lyes h\u00e1ztart\u00e1sban \u00e9l\u0151 65 \u00e9v feletti, illetve s\u00falyosan fogyat\u00e9kos vagy pszichi\u00e1triai beteg szem\u00e9ly, ha eg\u00e9szs\u00e9gi \u00e1llapota indokolja a szolg\u00e1ltat\u00e1s folyamatos biztos\u00edt\u00e1s\u00e1t. A s\u00falyos fogyat\u00e9koss\u00e1got a pszichi\u00e1triai betegs\u00e9get \u00e9s az eg\u00e9szs\u00e9gi \u00e1llapot miatti indokolts\u00e1got k\u00fcl\u00f6n jogszab\u00e1ly szerint kell igazolni.<b><\/b><\/i><\/p><p class=\"v1MsoNormal\"><b><i>Ki veheti ig\u00e9nybe?<\/i><\/b><\/p><ul type=\"disc\"><li class=\"v1MsoListParagraph\"><i>a saj\u00e1t otthonukban \u00e9l\u0151, eg\u00e9szs\u00e9gi \u00e1llapotuk \u00e9s szoci\u00e1lis helyzet\u00fck miatt r\u00e1szorul\u00f3 id\u0151kor\u00fa (65 \u00e9v feletti), valamint fogyat\u00e9kos szem\u00e9lyek. A t\u00e9rs\u00e9g valamennyi telep\u00fcl\u00e9s\u00e9n \u00e9l\u0151, k\u00f6z\u00fcl\u00fck szolg\u00e1ltat\u00e1st ig\u00e9nyl\u0151, r\u00e1szorul\u00f3 sz\u00e1m\u00e1ra egyenl\u0151 es\u00e9llyel hozz\u00e1f\u00e9rhet\u0151 szolg\u00e1ltat\u00e1st ny\u00fajtunk.<b><\/b><\/i><\/li><\/ul><p><b><i>Hogyan lehet ig\u00e9nyelni?<\/i><\/b><\/p><ul type=\"disc\"><li><i>az ell\u00e1t\u00e1st ig\u00e9nyl\u0151, illetve t\u00f6rv\u00e9nyes k\u00e9pvisel\u0151je sz\u00f3beli vagy \u00edr\u00e1sbeli k\u00e9relm\u00e9re, ind\u00edtv\u00e1ny\u00e1ra t\u00f6rt\u00e9nik,<b><\/b><\/i><\/li><\/ul><p><b><i>Hogyan jutok hozz\u00e1 k\u00e9relem nyomtatv\u00e1nyhoz?<\/i><\/b><\/p><ul type=\"disc\"><li><i>az int\u00e9zm\u00e9ny honlapj\u00e1r\u00f3l let\u00f6lthet\u0151;<\/i><\/li><li><i>az Alapszolg\u00e1ltat\u00e1si Centrum K\u00f6zponti irod\u00e1j\u00e1ban szem\u00e9lyesen is \u00e1tvehet\u0151;<\/i><\/li><li><i>a t\u00e9rs\u00e9g telep\u00fcl\u00e9sein az \u00d6nkorm\u00e1nyzat \u00e9s a csal\u00e1dseg\u00edt\u0151 munkat\u00e1rs seg\u00edts\u00e9g\u00e9vel<\/i><\/li><\/ul><p><b><i>Hol lehet a k\u00e9relmet (mell\u00e9kletekkel egy\u00fctt)\u00a0 beny\u00fajtani?<\/i><\/b><\/p><ul type=\"disc\"><li><i>szem\u00e9lyesen, \u00fcgyf\u00e9lfogad\u00e1si id\u0151ben az Alapszolg\u00e1ltat\u00e1si Centrum k\u00f6zponti irod\u00e1j\u00e1ban (9200 Mosonmagyar\u00f3v\u00e1r, Zichy Mih\u00e1ly u. 5.);<\/i><\/li><li><i>postai \u00faton t\u00f6rt\u00e9n\u0151 tov\u00e1bb\u00edt\u00e1ssal;<\/i><\/li><\/ul><p><b><i>Mi t\u00f6rt\u00e9nik a k\u00e9relem beny\u00fajt\u00e1sa ut\u00e1n?<\/i><\/b><\/p><ul type=\"disc\"><li><i>elb\u00edr\u00e1l\u00e1st k\u00f6vet\u0151en nyilv\u00e1ntart\u00e1sba vessz\u00fck;<\/i><\/li><li><i>meg\u00e1llapod\u00e1s megk\u00f6t\u00e9s\u00e9re ker\u00fcl sor;<\/i><\/li><li><i>a k\u00e9relem esetleges elutas\u00edt\u00e1sa indokol\u00e1ssal \u00edr\u00e1sban t\u00f6rt\u00e9nik;<\/i><\/li><\/ul><p class=\"v1MsoNormal\"><b>\u00a0<\/b>Jelz\u0151rendszeres h\u00e1zi seg\u00edts\u00e9gny\u00fajt\u00e1s\u00a0\u2013 Mosonmagyar\u00f3v\u00e1r t\u00e9rs\u00e9gi t\u00e1rsul\u00e1s valamennyi telep\u00fcl\u00e9s\u00e9n tudjuk biztos\u00edtani<\/p>\t\t\t\t\t\t\t\t<\/div>\n\t\t\t\t<\/div>\n\t\t\t\t<div class=\"elementor-element elementor-element-fdecb79 elementor-button-warning elementor-align-center elementor-widget elementor-widget-button\" data-id=\"fdecb79\" data-element_type=\"widget\" data-e-type=\"widget\" data-widget_type=\"button.default\">\n\t\t\t\t<div class=\"elementor-widget-container\">\n\t\t\t\t\t\t\t\t\t<div class=\"elementor-button-wrapper\">\n\t\t\t\t\t<a class=\"elementor-button elementor-button-link elementor-size-sm\" href=\"https:\/\/keszi.hu\/index.php\/jelzorendszeres-hazi-segitsegnyujtas-igenybevetel\/\" target=\"_blank\">\n\t\t\t\t\t\t<span class=\"elementor-button-content-wrapper\">\n\t\t\t\t\t\t\t\t\t<span class=\"elementor-button-text\">Tov\u00e1bb az ig\u00e9nyl\u00e9shez<\/span>\n\t\t\t\t\t<\/span>\n\t\t\t\t\t<\/a>\n\t\t\t\t<\/div>\n\t\t\t\t\t\t\t\t<\/div>\n\t\t\t\t<\/div>\n\t\t\t\t\t<\/div>\n\t\t<\/div>\n\t\t\t\t\t<\/div>\n\t\t<\/section>\n\t\t\t\t<\/div>\n\t\t","protected":false},"excerpt":{"rendered":"<p>Jelz\u0151rendszeres h\u00e1zi seg\u00edts\u00e9gny\u00fajt\u00e1s Mit ny\u00fajt a szolg\u00e1ltat\u00e1s? A seg\u00e9lyh\u00edv\u00f3 szolg\u00e1ltat\u00e1s, amely \u201e\u00e9letet menthet.\u201d A jelz\u0151rendszeres h\u00e1zi seg\u00edts\u00e9gny\u00fajt\u00e1s a saj\u00e1t otthonukban \u00e9l\u0151, eg\u00e9szs\u00e9gi \u00e1llapotuk \u00e9s szoci\u00e1lis helyzet\u00fck miatt r\u00e1szorul\u00f3, a seg\u00e9lyh\u00edv\u00f3 k\u00e9sz\u00fcl\u00e9k megfelel\u0151 haszn\u00e1lat\u00e1ra k\u00e9pes id\u0151skor\u00fa vagy fogyat\u00e9kos szem\u00e9lyek, illetve pszichi\u00e1triai betegek r\u00e9sz\u00e9re az \u00f6n\u00e1ll\u00f3 \u00e9letvitel fenntart\u00e1sa mellett felmer\u00fcl\u0151 kr\u00edzishelyzetek elh\u00e1r\u00edt\u00e1sa c\u00e9lj\u00e1b\u00f3l ny\u00fajtott ell\u00e1t\u00e1s. Biztos\u00edtjuk az&#8230;<\/p>\n","protected":false},"author":1,"featured_media":0,"parent":0,"menu_order":0,"comment_status":"closed","ping_status":"closed","template":"","meta":{"_tbt_post_transparent":"","_tbt_post_title":"","_tbt_post_layout":"","_tbt_post_sidebar_id":"","_tbt_post_content_style":"","_tbt_post_vertical_padding":"","_tbt_post_feature":"","_tbt_post_feature_position":"","_tbt_post_header":false,"_tbt_post_footer":false},"class_list":["post-11897","page","type-page","status-publish","hentry"],"_links":{"self":[{"href":"http:\/\/keszi.hu\/index.php\/wp-json\/wp\/v2\/pages\/11897","targetHints":{"allow":["GET"]}}],"collection":[{"href":"http:\/\/keszi.hu\/index.php\/wp-json\/wp\/v2\/pages"}],"about":[{"href":"http:\/\/keszi.hu\/index.php\/wp-json\/wp\/v2\/types\/page"}],"author":[{"embeddable":true,"href":"http:\/\/keszi.hu\/index.php\/wp-json\/wp\/v2\/users\/1"}],"replies":[{"embeddable":true,"href":"http:\/\/keszi.hu\/index.php\/wp-json\/wp\/v2\/comments?post=11897"}],"version-history":[{"count":22,"href":"http:\/\/keszi.hu\/index.php\/wp-json\/wp\/v2\/pages\/11897\/revisions"}],"predecessor-version":[{"id":14364,"href":"http:\/\/keszi.hu\/index.php\/wp-json\/wp\/v2\/pages\/11897\/revisions\/14364"}],"wp:attachment":[{"href":"http:\/\/keszi.hu\/index.php\/wp-json\/wp\/v2\/media?parent=11897"}],"curies":[{"name":"wp","href":"https:\/\/api.w.org\/{rel}","templated":true}]}}